{"id":98,"date":"2013-02-14T12:09:16","date_gmt":"2013-02-14T12:09:16","guid":{"rendered":"http:\/\/huegellandhof.at\/web\/?page_id=98"},"modified":"2020-01-23T13:25:43","modified_gmt":"2020-01-23T13:25:43","slug":"sonnenlumenzimmer","status":"publish","type":"page","link":"https:\/\/huegellandhof.com\/web\/zimmer\/sonnenlumenzimmer\/","title":{"rendered":"Sonnenblumenzimmer"},"content":{"rendered":"<p><a href=\"https:\/\/huegellandhof.com\/web\/wp-content\/uploads\/2013\/02\/Jean_Van_Luelik_Photographer-3011.jpg\"><img loading=\"lazy\" decoding=\"async\" class=\"alignnone wp-image-2163 size-medium\" title=\"Sonnenblumenzimmer - Hotel H\u00fcgellandhof Uitz S\u00fcd-Burgenland\" src=\"https:\/\/huegellandhof.com\/web\/wp-content\/uploads\/2013\/02\/Jean_Van_Luelik_Photographer-3011-300x199.jpg\" alt=\"Sonnenblumenzimmer - Hotel H\u00fcgellandhof Uitz S\u00fcd-Burgenland\" width=\"300\" height=\"199\" srcset=\"https:\/\/huegellandhof.com\/web\/wp-content\/uploads\/2013\/02\/Jean_Van_Luelik_Photographer-3011-300x199.jpg 300w, https:\/\/huegellandhof.com\/web\/wp-content\/uploads\/2013\/02\/Jean_Van_Luelik_Photographer-3011-1024x681.jpg 1024w, https:\/\/huegellandhof.com\/web\/wp-content\/uploads\/2013\/02\/Jean_Van_Luelik_Photographer-3011-450x300.jpg 450w, https:\/\/huegellandhof.com\/web\/wp-content\/uploads\/2013\/02\/Jean_Van_Luelik_Photographer-3011.jpg 1200w\" sizes=\"auto, (max-width: 300px) 100vw, 300px\" \/><\/a><\/p>\n<p>Wer Sonnenblumen gern hat, liebt dieses gem\u00fctliche Zimmer.<\/p>\n<h2>Allgemeine Infos<\/h2>\n<ul>\n<li>Fr\u00fchst\u00fcck<\/li>\n<li>1 bis 2 Personen<\/li>\n<li>Zweibettzimmer<\/li>\n<li>Garten-\/Parkseite, Erdgeschoss<\/li>\n<\/ul>\n<h2>Ausstattung<\/h2>\n<p>Heizung, Kinderbett auf Anfrage, Wasserkocher, W-Lan, SAT-TV, CD-Player, Zimmersafe<\/p>\n","protected":false},"excerpt":{"rendered":"<p>Wer Sonnenblumen gern hat, liebt dieses gem\u00fctliche Zimmer. Allgemeine Infos Fr\u00fchst\u00fcck 1 bis 2 Personen Zweibettzimmer Garten-\/Parkseite, Erdgeschoss Ausstattung Heizung, Kinderbett auf Anfrage, Wasserkocher, W-Lan, SAT-TV, CD-Player, Zimmersafe<\/p>\n","protected":false},"author":2,"featured_media":0,"parent":10,"menu_order":0,"comment_status":"closed","ping_status":"closed","template":"sidebar-page.php","meta":{"footnotes":""},"class_list":["post-98","page","type-page","status-publish","hentry"],"yoast_head":"<!-- This site is optimized with the Yoast SEO plugin v27.4 - https:\/\/yoast.com\/product\/yoast-seo-wordpress\/ -->\n<title>Sonnenblumenzimmer - H\u00fcgellandhof Familie Uitz im S\u00fcdburgenland<\/title>\n<meta name=\"robots\" content=\"index, follow, max-snippet:-1, max-image-preview:large, max-video-preview:-1\" \/>\n<link rel=\"canonical\" href=\"https:\/\/huegellandhof.com\/web\/zimmer\/sonnenlumenzimmer\/\" \/>\n<meta property=\"og:locale\" content=\"de_DE\" \/>\n<meta property=\"og:type\" content=\"article\" \/>\n<meta property=\"og:title\" content=\"Sonnenblumenzimmer - H\u00fcgellandhof Familie Uitz im S\u00fcdburgenland\" \/>\n<meta property=\"og:description\" content=\"Wer Sonnenblumen gern hat, liebt dieses gem\u00fctliche Zimmer. Allgemeine Infos Fr\u00fchst\u00fcck 1 bis 2 Personen Zweibettzimmer Garten-\/Parkseite, Erdgeschoss Ausstattung Heizung, Kinderbett auf Anfrage, Wasserkocher, W-Lan, SAT-TV, CD-Player, Zimmersafe\" \/>\n<meta property=\"og:url\" content=\"https:\/\/huegellandhof.com\/web\/zimmer\/sonnenlumenzimmer\/\" \/>\n<meta property=\"og:site_name\" content=\"H\u00fcgellandhof Familie Uitz im S\u00fcdburgenland\" \/>\n<meta property=\"article:modified_time\" content=\"2020-01-23T13:25:43+00:00\" \/>\n<meta property=\"og:image\" content=\"https:\/\/huegellandhof.com\/web\/wp-content\/uploads\/2013\/02\/Jean_Van_Luelik_Photographer-3011-300x199.jpg\" \/>\n<meta name=\"twitter:card\" content=\"summary_large_image\" \/>\n<script type=\"application\/ld+json\" class=\"yoast-schema-graph\">{\"@context\":\"https:\\\/\\\/schema.org\",\"@graph\":[{\"@type\":\"WebPage\",\"@id\":\"https:\\\/\\\/huegellandhof.com\\\/web\\\/zimmer\\\/sonnenlumenzimmer\\\/\",\"url\":\"https:\\\/\\\/huegellandhof.com\\\/web\\\/zimmer\\\/sonnenlumenzimmer\\\/\",\"name\":\"Sonnenblumenzimmer - H\u00fcgellandhof Familie Uitz im S\u00fcdburgenland\",\"isPartOf\":{\"@id\":\"https:\\\/\\\/huegellandhof.com\\\/web\\\/#website\"},\"primaryImageOfPage\":{\"@id\":\"https:\\\/\\\/huegellandhof.com\\\/web\\\/zimmer\\\/sonnenlumenzimmer\\\/#primaryimage\"},\"image\":{\"@id\":\"https:\\\/\\\/huegellandhof.com\\\/web\\\/zimmer\\\/sonnenlumenzimmer\\\/#primaryimage\"},\"thumbnailUrl\":\"https:\\\/\\\/huegellandhof.com\\\/web\\\/wp-content\\\/uploads\\\/2013\\\/02\\\/Jean_Van_Luelik_Photographer-3011-300x199.jpg\",\"datePublished\":\"2013-02-14T12:09:16+00:00\",\"dateModified\":\"2020-01-23T13:25:43+00:00\",\"breadcrumb\":{\"@id\":\"https:\\\/\\\/huegellandhof.com\\\/web\\\/zimmer\\\/sonnenlumenzimmer\\\/#breadcrumb\"},\"inLanguage\":\"de\",\"potentialAction\":[{\"@type\":\"ReadAction\",\"target\":[\"https:\\\/\\\/huegellandhof.com\\\/web\\\/zimmer\\\/sonnenlumenzimmer\\\/\"]}]},{\"@type\":\"ImageObject\",\"inLanguage\":\"de\",\"@id\":\"https:\\\/\\\/huegellandhof.com\\\/web\\\/zimmer\\\/sonnenlumenzimmer\\\/#primaryimage\",\"url\":\"https:\\\/\\\/huegellandhof.com\\\/web\\\/wp-content\\\/uploads\\\/2013\\\/02\\\/Jean_Van_Luelik_Photographer-3011.jpg\",\"contentUrl\":\"https:\\\/\\\/huegellandhof.com\\\/web\\\/wp-content\\\/uploads\\\/2013\\\/02\\\/Jean_Van_Luelik_Photographer-3011.jpg\",\"width\":1200,\"height\":799,\"caption\":\"Zimmer\"},{\"@type\":\"BreadcrumbList\",\"@id\":\"https:\\\/\\\/huegellandhof.com\\\/web\\\/zimmer\\\/sonnenlumenzimmer\\\/#breadcrumb\",\"itemListElement\":[{\"@type\":\"ListItem\",\"position\":1,\"name\":\"Startseite\",\"item\":\"https:\\\/\\\/huegellandhof.com\\\/web\\\/\"},{\"@type\":\"ListItem\",\"position\":2,\"name\":\"Zimmer &#038; Suiten\",\"item\":\"https:\\\/\\\/huegellandhof.com\\\/web\\\/zimmer\\\/\"},{\"@type\":\"ListItem\",\"position\":3,\"name\":\"Sonnenblumenzimmer\"}]},{\"@type\":\"WebSite\",\"@id\":\"https:\\\/\\\/huegellandhof.com\\\/web\\\/#website\",\"url\":\"https:\\\/\\\/huegellandhof.com\\\/web\\\/\",\"name\":\"H\u00fcgellandhof Familie Uitz im S\u00fcdburgenland\",\"description\":\"Urlaub + Gesundheit in der Natur im Burgenland\",\"potentialAction\":[{\"@type\":\"SearchAction\",\"target\":{\"@type\":\"EntryPoint\",\"urlTemplate\":\"https:\\\/\\\/huegellandhof.com\\\/web\\\/?s={search_term_string}\"},\"query-input\":{\"@type\":\"PropertyValueSpecification\",\"valueRequired\":true,\"valueName\":\"search_term_string\"}}],\"inLanguage\":\"de\"}]}<\/script>\n<!-- \/ Yoast SEO plugin. -->","yoast_head_json":{"title":"Sonnenblumenzimmer - H\u00fcgellandhof Familie Uitz im S\u00fcdburgenland","robots":{"index":"index","follow":"follow","max-snippet":"max-snippet:-1","max-image-preview":"max-image-preview:large","max-video-preview":"max-video-preview:-1"},"canonical":"https:\/\/huegellandhof.com\/web\/zimmer\/sonnenlumenzimmer\/","og_locale":"de_DE","og_type":"article","og_title":"Sonnenblumenzimmer - H\u00fcgellandhof Familie Uitz im S\u00fcdburgenland","og_description":"Wer Sonnenblumen gern hat, liebt dieses gem\u00fctliche Zimmer. Allgemeine Infos Fr\u00fchst\u00fcck 1 bis 2 Personen Zweibettzimmer Garten-\/Parkseite, Erdgeschoss Ausstattung Heizung, Kinderbett auf Anfrage, Wasserkocher, W-Lan, SAT-TV, CD-Player, Zimmersafe","og_url":"https:\/\/huegellandhof.com\/web\/zimmer\/sonnenlumenzimmer\/","og_site_name":"H\u00fcgellandhof Familie Uitz im S\u00fcdburgenland","article_modified_time":"2020-01-23T13:25:43+00:00","og_image":[{"url":"https:\/\/huegellandhof.com\/web\/wp-content\/uploads\/2013\/02\/Jean_Van_Luelik_Photographer-3011-300x199.jpg","type":"","width":"","height":""}],"twitter_card":"summary_large_image","schema":{"@context":"https:\/\/schema.org","@graph":[{"@type":"WebPage","@id":"https:\/\/huegellandhof.com\/web\/zimmer\/sonnenlumenzimmer\/","url":"https:\/\/huegellandhof.com\/web\/zimmer\/sonnenlumenzimmer\/","name":"Sonnenblumenzimmer - H\u00fcgellandhof Familie Uitz im S\u00fcdburgenland","isPartOf":{"@id":"https:\/\/huegellandhof.com\/web\/#website"},"primaryImageOfPage":{"@id":"https:\/\/huegellandhof.com\/web\/zimmer\/sonnenlumenzimmer\/#primaryimage"},"image":{"@id":"https:\/\/huegellandhof.com\/web\/zimmer\/sonnenlumenzimmer\/#primaryimage"},"thumbnailUrl":"https:\/\/huegellandhof.com\/web\/wp-content\/uploads\/2013\/02\/Jean_Van_Luelik_Photographer-3011-300x199.jpg","datePublished":"2013-02-14T12:09:16+00:00","dateModified":"2020-01-23T13:25:43+00:00","breadcrumb":{"@id":"https:\/\/huegellandhof.com\/web\/zimmer\/sonnenlumenzimmer\/#breadcrumb"},"inLanguage":"de","potentialAction":[{"@type":"ReadAction","target":["https:\/\/huegellandhof.com\/web\/zimmer\/sonnenlumenzimmer\/"]}]},{"@type":"ImageObject","inLanguage":"de","@id":"https:\/\/huegellandhof.com\/web\/zimmer\/sonnenlumenzimmer\/#primaryimage","url":"https:\/\/huegellandhof.com\/web\/wp-content\/uploads\/2013\/02\/Jean_Van_Luelik_Photographer-3011.jpg","contentUrl":"https:\/\/huegellandhof.com\/web\/wp-content\/uploads\/2013\/02\/Jean_Van_Luelik_Photographer-3011.jpg","width":1200,"height":799,"caption":"Zimmer"},{"@type":"BreadcrumbList","@id":"https:\/\/huegellandhof.com\/web\/zimmer\/sonnenlumenzimmer\/#breadcrumb","itemListElement":[{"@type":"ListItem","position":1,"name":"Startseite","item":"https:\/\/huegellandhof.com\/web\/"},{"@type":"ListItem","position":2,"name":"Zimmer &#038; Suiten","item":"https:\/\/huegellandhof.com\/web\/zimmer\/"},{"@type":"ListItem","position":3,"name":"Sonnenblumenzimmer"}]},{"@type":"WebSite","@id":"https:\/\/huegellandhof.com\/web\/#website","url":"https:\/\/huegellandhof.com\/web\/","name":"H\u00fcgellandhof Familie Uitz im S\u00fcdburgenland","description":"Urlaub + Gesundheit in der Natur im Burgenland","potentialAction":[{"@type":"SearchAction","target":{"@type":"EntryPoint","urlTemplate":"https:\/\/huegellandhof.com\/web\/?s={search_term_string}"},"query-input":{"@type":"PropertyValueSpecification","valueRequired":true,"valueName":"search_term_string"}}],"inLanguage":"de"}]}},"_links":{"self":[{"href":"https:\/\/huegellandhof.com\/web\/wp-json\/wp\/v2\/pages\/98","targetHints":{"allow":["GET"]}}],"collection":[{"href":"https:\/\/huegellandhof.com\/web\/wp-json\/wp\/v2\/pages"}],"about":[{"href":"https:\/\/huegellandhof.com\/web\/wp-json\/wp\/v2\/types\/page"}],"author":[{"embeddable":true,"href":"https:\/\/huegellandhof.com\/web\/wp-json\/wp\/v2\/users\/2"}],"replies":[{"embeddable":true,"href":"https:\/\/huegellandhof.com\/web\/wp-json\/wp\/v2\/comments?post=98"}],"version-history":[{"count":28,"href":"https:\/\/huegellandhof.com\/web\/wp-json\/wp\/v2\/pages\/98\/revisions"}],"predecessor-version":[{"id":3146,"href":"https:\/\/huegellandhof.com\/web\/wp-json\/wp\/v2\/pages\/98\/revisions\/3146"}],"up":[{"embeddable":true,"href":"https:\/\/huegellandhof.com\/web\/wp-json\/wp\/v2\/pages\/10"}],"wp:attachment":[{"href":"https:\/\/huegellandhof.com\/web\/wp-json\/wp\/v2\/media?parent=98"}],"curies":[{"name":"wp","href":"https:\/\/api.w.org\/{rel}","templated":true}]}}