{"id":92,"date":"2013-02-14T12:08:26","date_gmt":"2013-02-14T12:08:26","guid":{"rendered":"http:\/\/huegellandhof.at\/web\/?page_id=92"},"modified":"2020-01-23T13:28:06","modified_gmt":"2020-01-23T13:28:06","slug":"vergissmeinnichtzimmer","status":"publish","type":"page","link":"https:\/\/huegellandhof.com\/web\/zimmer\/vergissmeinnichtzimmer\/","title":{"rendered":"Vergissmeinnichtzimmer"},"content":{"rendered":"<p><a href=\"https:\/\/huegellandhof.com\/web\/wp-content\/uploads\/2017\/09\/Jean_Van_Luelik_Photographer-1011.jpg\"><img loading=\"lazy\" decoding=\"async\" class=\"alignnone wp-image-2153 size-medium\" title=\"Vergissmeinicht-Zimmer - Hotel Fam. Uitz H\u00fcgellandhof im S\u00fcd-Burgenland\" src=\"https:\/\/huegellandhof.com\/web\/wp-content\/uploads\/2017\/09\/Jean_Van_Luelik_Photographer-1011-300x199.jpg\" alt=\"Vergissmeinicht-Zimmer - Hotel Fam. Uitz H\u00fcgellandhof im S\u00fcd-Burgenland\" width=\"300\" height=\"199\" \/><\/a> <a href=\"https:\/\/huegellandhof.com\/web\/wp-content\/uploads\/2017\/09\/Jean_Van_Luelik_Photographer-1071.jpg\"><img loading=\"lazy\" decoding=\"async\" class=\"alignnone wp-image-2149 size-medium\" title=\"Vergissmeinicht-Zimmer - Hotel Fam. Uitz H\u00fcgellandhof im S\u00fcd-Burgenland\" src=\"https:\/\/huegellandhof.com\/web\/wp-content\/uploads\/2017\/09\/Jean_Van_Luelik_Photographer-1071-300x199.jpg\" alt=\"Vergissmeinicht-Zimmer - Hotel Fam. Uitz H\u00fcgellandhof im S\u00fcd-Burgenland\" width=\"300\" height=\"199\" \/><\/a><\/p>\n<p>Vom Vergissmeinnichtzimmer haben Sie einen sch\u00f6nen Blick ins Neuhauser H\u00fcgelland.<\/p>\n<h2>Allgemeine Infos<\/h2>\n<ul>\n<li>Fr\u00fchst\u00fcck<\/li>\n<li>1 bis 2 Personen<\/li>\n<li>Zweibettzimmer<\/li>\n<li>Garten, 1. Stockwerk<\/li>\n<\/ul>\n<h2>Ausstattung<\/h2>\n<p>Balkon, Heizung, Kinderbett auf Anfrage, Wasserkocher, W-Lan, SAT-TV, CD-Player<\/p>\n","protected":false},"excerpt":{"rendered":"<p>Vom Vergissmeinnichtzimmer haben Sie einen sch\u00f6nen Blick ins Neuhauser H\u00fcgelland. Allgemeine Infos Fr\u00fchst\u00fcck 1 bis 2 Personen Zweibettzimmer Garten, 1. Stockwerk Ausstattung Balkon, Heizung, Kinderbett auf Anfrage, Wasserkocher, W-Lan, SAT-TV, CD-Player<\/p>\n","protected":false},"author":2,"featured_media":0,"parent":10,"menu_order":0,"comment_status":"closed","ping_status":"closed","template":"sidebar-page.php","meta":{"footnotes":""},"class_list":["post-92","page","type-page","status-publish","hentry"],"yoast_head":"<!-- This site is optimized with the Yoast SEO plugin v27.5 - https:\/\/yoast.com\/product\/yoast-seo-wordpress\/ -->\n<title>Vergissmeinnichtzimmer - H\u00fcgellandhof Familie Uitz im S\u00fcdburgenland<\/title>\n<meta name=\"robots\" content=\"index, follow, max-snippet:-1, max-image-preview:large, max-video-preview:-1\" \/>\n<link rel=\"canonical\" href=\"https:\/\/huegellandhof.com\/web\/zimmer\/vergissmeinnichtzimmer\/\" \/>\n<meta property=\"og:locale\" content=\"de_DE\" \/>\n<meta property=\"og:type\" content=\"article\" \/>\n<meta property=\"og:title\" content=\"Vergissmeinnichtzimmer - H\u00fcgellandhof Familie Uitz im S\u00fcdburgenland\" \/>\n<meta property=\"og:description\" content=\"Vom Vergissmeinnichtzimmer haben Sie einen sch\u00f6nen Blick ins Neuhauser H\u00fcgelland. Allgemeine Infos Fr\u00fchst\u00fcck 1 bis 2 Personen Zweibettzimmer Garten, 1. Stockwerk Ausstattung Balkon, Heizung, Kinderbett auf Anfrage, Wasserkocher, W-Lan, SAT-TV, CD-Player\" \/>\n<meta property=\"og:url\" content=\"https:\/\/huegellandhof.com\/web\/zimmer\/vergissmeinnichtzimmer\/\" \/>\n<meta property=\"og:site_name\" content=\"H\u00fcgellandhof Familie Uitz im S\u00fcdburgenland\" \/>\n<meta property=\"article:modified_time\" content=\"2020-01-23T13:28:06+00:00\" \/>\n<meta property=\"og:image\" content=\"https:\/\/huegellandhof.com\/web\/wp-content\/uploads\/2017\/09\/Jean_Van_Luelik_Photographer-1011-300x199.jpg\" \/>\n<meta name=\"twitter:card\" content=\"summary_large_image\" \/>\n<script type=\"application\/ld+json\" class=\"yoast-schema-graph\">{\"@context\":\"https:\\\/\\\/schema.org\",\"@graph\":[{\"@type\":\"WebPage\",\"@id\":\"https:\\\/\\\/huegellandhof.com\\\/web\\\/zimmer\\\/vergissmeinnichtzimmer\\\/\",\"url\":\"https:\\\/\\\/huegellandhof.com\\\/web\\\/zimmer\\\/vergissmeinnichtzimmer\\\/\",\"name\":\"Vergissmeinnichtzimmer - H\u00fcgellandhof Familie Uitz im S\u00fcdburgenland\",\"isPartOf\":{\"@id\":\"https:\\\/\\\/huegellandhof.com\\\/web\\\/#website\"},\"primaryImageOfPage\":{\"@id\":\"https:\\\/\\\/huegellandhof.com\\\/web\\\/zimmer\\\/vergissmeinnichtzimmer\\\/#primaryimage\"},\"image\":{\"@id\":\"https:\\\/\\\/huegellandhof.com\\\/web\\\/zimmer\\\/vergissmeinnichtzimmer\\\/#primaryimage\"},\"thumbnailUrl\":\"https:\\\/\\\/huegellandhof.com\\\/web\\\/wp-content\\\/uploads\\\/2017\\\/09\\\/Jean_Van_Luelik_Photographer-1011-300x199.jpg\",\"datePublished\":\"2013-02-14T12:08:26+00:00\",\"dateModified\":\"2020-01-23T13:28:06+00:00\",\"breadcrumb\":{\"@id\":\"https:\\\/\\\/huegellandhof.com\\\/web\\\/zimmer\\\/vergissmeinnichtzimmer\\\/#breadcrumb\"},\"inLanguage\":\"de\",\"potentialAction\":[{\"@type\":\"ReadAction\",\"target\":[\"https:\\\/\\\/huegellandhof.com\\\/web\\\/zimmer\\\/vergissmeinnichtzimmer\\\/\"]}]},{\"@type\":\"ImageObject\",\"inLanguage\":\"de\",\"@id\":\"https:\\\/\\\/huegellandhof.com\\\/web\\\/zimmer\\\/vergissmeinnichtzimmer\\\/#primaryimage\",\"url\":\"\",\"contentUrl\":\"\"},{\"@type\":\"BreadcrumbList\",\"@id\":\"https:\\\/\\\/huegellandhof.com\\\/web\\\/zimmer\\\/vergissmeinnichtzimmer\\\/#breadcrumb\",\"itemListElement\":[{\"@type\":\"ListItem\",\"position\":1,\"name\":\"Startseite\",\"item\":\"https:\\\/\\\/huegellandhof.com\\\/web\\\/\"},{\"@type\":\"ListItem\",\"position\":2,\"name\":\"Zimmer &#038; Suiten\",\"item\":\"https:\\\/\\\/huegellandhof.com\\\/web\\\/zimmer\\\/\"},{\"@type\":\"ListItem\",\"position\":3,\"name\":\"Vergissmeinnichtzimmer\"}]},{\"@type\":\"WebSite\",\"@id\":\"https:\\\/\\\/huegellandhof.com\\\/web\\\/#website\",\"url\":\"https:\\\/\\\/huegellandhof.com\\\/web\\\/\",\"name\":\"H\u00fcgellandhof Familie Uitz im S\u00fcdburgenland\",\"description\":\"Urlaub + Gesundheit in der Natur im Burgenland\",\"potentialAction\":[{\"@type\":\"SearchAction\",\"target\":{\"@type\":\"EntryPoint\",\"urlTemplate\":\"https:\\\/\\\/huegellandhof.com\\\/web\\\/?s={search_term_string}\"},\"query-input\":{\"@type\":\"PropertyValueSpecification\",\"valueRequired\":true,\"valueName\":\"search_term_string\"}}],\"inLanguage\":\"de\"}]}<\/script>\n<!-- \/ Yoast SEO plugin. -->","yoast_head_json":{"title":"Vergissmeinnichtzimmer - H\u00fcgellandhof Familie Uitz im S\u00fcdburgenland","robots":{"index":"index","follow":"follow","max-snippet":"max-snippet:-1","max-image-preview":"max-image-preview:large","max-video-preview":"max-video-preview:-1"},"canonical":"https:\/\/huegellandhof.com\/web\/zimmer\/vergissmeinnichtzimmer\/","og_locale":"de_DE","og_type":"article","og_title":"Vergissmeinnichtzimmer - H\u00fcgellandhof Familie Uitz im S\u00fcdburgenland","og_description":"Vom Vergissmeinnichtzimmer haben Sie einen sch\u00f6nen Blick ins Neuhauser H\u00fcgelland. Allgemeine Infos Fr\u00fchst\u00fcck 1 bis 2 Personen Zweibettzimmer Garten, 1. Stockwerk Ausstattung Balkon, Heizung, Kinderbett auf Anfrage, Wasserkocher, W-Lan, SAT-TV, CD-Player","og_url":"https:\/\/huegellandhof.com\/web\/zimmer\/vergissmeinnichtzimmer\/","og_site_name":"H\u00fcgellandhof Familie Uitz im S\u00fcdburgenland","article_modified_time":"2020-01-23T13:28:06+00:00","og_image":[{"url":"https:\/\/huegellandhof.com\/web\/wp-content\/uploads\/2017\/09\/Jean_Van_Luelik_Photographer-1011-300x199.jpg","type":"","width":"","height":""}],"twitter_card":"summary_large_image","schema":{"@context":"https:\/\/schema.org","@graph":[{"@type":"WebPage","@id":"https:\/\/huegellandhof.com\/web\/zimmer\/vergissmeinnichtzimmer\/","url":"https:\/\/huegellandhof.com\/web\/zimmer\/vergissmeinnichtzimmer\/","name":"Vergissmeinnichtzimmer - H\u00fcgellandhof Familie Uitz im S\u00fcdburgenland","isPartOf":{"@id":"https:\/\/huegellandhof.com\/web\/#website"},"primaryImageOfPage":{"@id":"https:\/\/huegellandhof.com\/web\/zimmer\/vergissmeinnichtzimmer\/#primaryimage"},"image":{"@id":"https:\/\/huegellandhof.com\/web\/zimmer\/vergissmeinnichtzimmer\/#primaryimage"},"thumbnailUrl":"https:\/\/huegellandhof.com\/web\/wp-content\/uploads\/2017\/09\/Jean_Van_Luelik_Photographer-1011-300x199.jpg","datePublished":"2013-02-14T12:08:26+00:00","dateModified":"2020-01-23T13:28:06+00:00","breadcrumb":{"@id":"https:\/\/huegellandhof.com\/web\/zimmer\/vergissmeinnichtzimmer\/#breadcrumb"},"inLanguage":"de","potentialAction":[{"@type":"ReadAction","target":["https:\/\/huegellandhof.com\/web\/zimmer\/vergissmeinnichtzimmer\/"]}]},{"@type":"ImageObject","inLanguage":"de","@id":"https:\/\/huegellandhof.com\/web\/zimmer\/vergissmeinnichtzimmer\/#primaryimage","url":"","contentUrl":""},{"@type":"BreadcrumbList","@id":"https:\/\/huegellandhof.com\/web\/zimmer\/vergissmeinnichtzimmer\/#breadcrumb","itemListElement":[{"@type":"ListItem","position":1,"name":"Startseite","item":"https:\/\/huegellandhof.com\/web\/"},{"@type":"ListItem","position":2,"name":"Zimmer &#038; Suiten","item":"https:\/\/huegellandhof.com\/web\/zimmer\/"},{"@type":"ListItem","position":3,"name":"Vergissmeinnichtzimmer"}]},{"@type":"WebSite","@id":"https:\/\/huegellandhof.com\/web\/#website","url":"https:\/\/huegellandhof.com\/web\/","name":"H\u00fcgellandhof Familie Uitz im S\u00fcdburgenland","description":"Urlaub + Gesundheit in der Natur im Burgenland","potentialAction":[{"@type":"SearchAction","target":{"@type":"EntryPoint","urlTemplate":"https:\/\/huegellandhof.com\/web\/?s={search_term_string}"},"query-input":{"@type":"PropertyValueSpecification","valueRequired":true,"valueName":"search_term_string"}}],"inLanguage":"de"}]}},"_links":{"self":[{"href":"https:\/\/huegellandhof.com\/web\/wp-json\/wp\/v2\/pages\/92","targetHints":{"allow":["GET"]}}],"collection":[{"href":"https:\/\/huegellandhof.com\/web\/wp-json\/wp\/v2\/pages"}],"about":[{"href":"https:\/\/huegellandhof.com\/web\/wp-json\/wp\/v2\/types\/page"}],"author":[{"embeddable":true,"href":"https:\/\/huegellandhof.com\/web\/wp-json\/wp\/v2\/users\/2"}],"replies":[{"embeddable":true,"href":"https:\/\/huegellandhof.com\/web\/wp-json\/wp\/v2\/comments?post=92"}],"version-history":[{"count":19,"href":"https:\/\/huegellandhof.com\/web\/wp-json\/wp\/v2\/pages\/92\/revisions"}],"predecessor-version":[{"id":3148,"href":"https:\/\/huegellandhof.com\/web\/wp-json\/wp\/v2\/pages\/92\/revisions\/3148"}],"up":[{"embeddable":true,"href":"https:\/\/huegellandhof.com\/web\/wp-json\/wp\/v2\/pages\/10"}],"wp:attachment":[{"href":"https:\/\/huegellandhof.com\/web\/wp-json\/wp\/v2\/media?parent=92"}],"curies":[{"name":"wp","href":"https:\/\/api.w.org\/{rel}","templated":true}]}}

<p><a href="https://huegellandhof.com/web/wp-content/uploads/2017/09/Jean_Van_Luelik_Photographer-1011.jpg"><img loading="lazy" decoding="async" class="alignnone wp-image-2153 size-medium" title="Vergissmeinicht-Zimmer - Hotel Fam. Uitz Hügellandhof im Süd-Burgenland" src="https://huegellandhof.com/web/wp-content/uploads/2017/09/Jean_Van_Luelik_Photographer-1011-300x199.jpg" alt="Vergissmeinicht-Zimmer - Hotel Fam. Uitz Hügellandhof im Süd-Burgenland" width="300" height="199" /></a> <a href="https://huegellandhof.com/web/wp-content/uploads/2017/09/Jean_Van_Luelik_Photographer-1071.jpg"><img loading="lazy" decoding="async" class="alignnone wp-image-2149 size-medium" title="Vergissmeinicht-Zimmer - Hotel Fam. Uitz Hügellandhof im Süd-Burgenland" src="https://huegellandhof.com/web/wp-content/uploads/2017/09/Jean_Van_Luelik_Photographer-1071-300x199.jpg" alt="Vergissmeinicht-Zimmer - Hotel Fam. Uitz Hügellandhof im Süd-Burgenland" width="300" height="199" /></a></p>
<p>Vom Vergissmeinnichtzimmer haben Sie einen schönen Blick ins Neuhauser Hügelland.</p>
<h2>Allgemeine Infos</h2>
<ul>
<li>Frühstück</li>
<li>1 bis 2 Personen</li>
<li>Zweibettzimmer</li>
<li>Garten, 1. Stockwerk</li>
</ul>
<h2>Ausstattung</h2>
<p>Balkon, Heizung, Kinderbett auf Anfrage, Wasserkocher, W-Lan, SAT-TV, CD-Player</p>

<p>Vom Vergissmeinnichtzimmer haben Sie einen schönen Blick ins Neuhauser Hügelland. Allgemeine Infos Frühstück 1 bis 2 Personen Zweibettzimmer Garten, 1. Stockwerk Ausstattung Balkon, Heizung, Kinderbett auf Anfrage, Wasserkocher, W-Lan, SAT-TV, CD-Player</p>

<!-- This site is optimized with the Yoast SEO plugin v27.5 - https://yoast.com/product/yoast-seo-wordpress/ -->
<title>Vergissmeinnichtzimmer - Hügellandhof Familie Uitz im Südburgenland</title>
<meta name="robots" content="index, follow, max-snippet:-1, max-image-preview:large, max-video-preview:-1" />
<link rel="canonical" href="https://huegellandhof.com/web/zimmer/vergissmeinnichtzimmer/" />
<meta property="og:locale" content="de_DE" />
<meta property="og:type" content="article" />
<meta property="og:title" content="Vergissmeinnichtzimmer - Hügellandhof Familie Uitz im Südburgenland" />
<meta property="og:description" content="Vom Vergissmeinnichtzimmer haben Sie einen schönen Blick ins Neuhauser Hügelland. Allgemeine Infos Frühstück 1 bis 2 Personen Zweibettzimmer Garten, 1. Stockwerk Ausstattung Balkon, Heizung, Kinderbett auf Anfrage, Wasserkocher, W-Lan, SAT-TV, CD-Player" />
<meta property="og:url" content="https://huegellandhof.com/web/zimmer/vergissmeinnichtzimmer/" />
<meta property="og:site_name" content="Hügellandhof Familie Uitz im Südburgenland" />
<meta property="article:modified_time" content="2020-01-23T13:28:06+00:00" />
<meta property="og:image" content="https://huegellandhof.com/web/wp-content/uploads/2017/09/Jean_Van_Luelik_Photographer-1011-300x199.jpg" />
<meta name="twitter:card" content="summary_large_image" />
<script type="application/ld+json" class="yoast-schema-graph">{"@context":"https:\/\/schema.org","@graph":[{"@type":"WebPage","@id":"https:\/\/huegellandhof.com\/web\/zimmer\/vergissmeinnichtzimmer\/","url":"https:\/\/huegellandhof.com\/web\/zimmer\/vergissmeinnichtzimmer\/","name":"Vergissmeinnichtzimmer - Hügellandhof Familie Uitz im Südburgenland","isPartOf":{"@id":"https:\/\/huegellandhof.com\/web\/#website"},"primaryImageOfPage":{"@id":"https:\/\/huegellandhof.com\/web\/zimmer\/vergissmeinnichtzimmer\/#primaryimage"},"image":{"@id":"https:\/\/huegellandhof.com\/web\/zimmer\/vergissmeinnichtzimmer\/#primaryimage"},"thumbnailUrl":"https:\/\/huegellandhof.com\/web\/wp-content\/uploads\/2017\/09\/Jean_Van_Luelik_Photographer-1011-300x199.jpg","datePublished":"2013-02-14T12:08:26+00:00","dateModified":"2020-01-23T13:28:06+00:00","breadcrumb":{"@id":"https:\/\/huegellandhof.com\/web\/zimmer\/vergissmeinnichtzimmer\/#breadcrumb"},"inLanguage":"de","potentialAction":[{"@type":"ReadAction","target":["https:\/\/huegellandhof.com\/web\/zimmer\/vergissmeinnichtzimmer\/"]}]},{"@type":"ImageObject","inLanguage":"de","@id":"https:\/\/huegellandhof.com\/web\/zimmer\/vergissmeinnichtzimmer\/#primaryimage","url":"","contentUrl":""},{"@type":"BreadcrumbList","@id":"https:\/\/huegellandhof.com\/web\/zimmer\/vergissmeinnichtzimmer\/#breadcrumb","itemListElement":[{"@type":"ListItem","position":1,"name":"Startseite","item":"https:\/\/huegellandhof.com\/web\/"},{"@type":"ListItem","position":2,"name":"Zimmer &#038; Suiten","item":"https:\/\/huegellandhof.com\/web\/zimmer\/"},{"@type":"ListItem","position":3,"name":"Vergissmeinnichtzimmer"}]},{"@type":"WebSite","@id":"https:\/\/huegellandhof.com\/web\/#website","url":"https:\/\/huegellandhof.com\/web\/","name":"Hügellandhof Familie Uitz im Südburgenland","description":"Urlaub + Gesundheit in der Natur im Burgenland","potentialAction":[{"@type":"SearchAction","target":{"@type":"EntryPoint","urlTemplate":"https:\/\/huegellandhof.com\/web\/?s={search_term_string}"},"query-input":{"@type":"PropertyValueSpecification","valueRequired":true,"valueName":"search_term_string"}}],"inLanguage":"de"}]}</script>
<!-- / Yoast SEO plugin. -->

Vergissmeinnichtzimmer - Hügellandhof Familie Uitz im Südburgenland

Vom Vergissmeinnichtzimmer haben Sie einen schönen Blick ins Neuhauser Hügelland. Allgemeine Infos Frühstück 1 bis 2 Personen Zweibettzimmer Garten, 1. Stockwerk Ausstattung Balkon, Heizung, Kinderbett auf Anfrage, Wasserkocher, W-Lan, SAT-TV, CD-Player

Hügellandhof Familie Uitz im Südburgenland
