{"id":82,"date":"2013-02-14T11:12:38","date_gmt":"2013-02-14T11:12:38","guid":{"rendered":"http:\/\/huegellandhof.at\/web\/?page_id=82"},"modified":"2026-01-24T17:21:46","modified_gmt":"2026-01-24T17:21:46","slug":"uber-uns-2","status":"publish","type":"page","link":"https:\/\/huegellandhof.com\/web\/uber-uns-2\/","title":{"rendered":"\u00dcber uns"},"content":{"rendered":"<p>Der H\u00fcgellandhof &#8211; das Haus mit Flair und Gem\u00fctlichkeit im Dreil\u00e4ndernaturpark neben Schlo\u00df Tabor.<br \/>\nUnser neuerbautes Haus liegt eingebettet inmitten der Natur wo wir &#8211; das ist unsere bayerisch-burgenl\u00e4ndische Familie &#8211; Sie verw\u00f6hnen wollen.<\/p>\n<p>Wir sind Mitgliedsbetrieb in der Kooperation &#8222;Landleben im Sonnengartl&#8220;.<\/p>\n<p><img loading=\"lazy\" decoding=\"async\" class=\"alignnone wp-image-2349 size-full\" title=\"Hotel H\u00fcgellandhof im S\u00fcdburgenland - Vorderansicht\" src=\"https:\/\/huegellandhof.com\/web\/wp-content\/uploads\/2013\/02\/ueber-uns-1.jpg\" alt=\"Hotel H\u00fcgellandhof im S\u00fcdburgenland - Vorderansicht\" width=\"1024\" height=\"512\" \/><\/p>\n<h2><span style=\"font-size: 12pt; font-family: 'Comic Sans MS', sans-serif; color: #808000;\">Herbert Uitz<\/span><\/h2>\n<p>Vor \u00fcber 40 Jahren bin ich hier geboren, das war der Ausgangspunkt meines Lebens, von dort aus ging ich auf Wanderschaft. Die 1. Station war Graz, dort begann ich meine Kochlehre.<br \/>\nNach vielen Jahren harter Arbeit \u201cStein auf Stein\u201d ist der heutige H\u00fcgellandhof erstanden.<br \/>\nIn meiner Lebensmitte habe ich auch mein Gl\u00fcck mit meiner Familie gefunden. Unser gemeinsames Streben ist, dass sich unsere G\u00e4ste wohlf\u00fchlen.<\/p>\n<p>Bin Vater und Opa von 3 gro\u00dfen Kindern, Steffi , Andi und Jenny\u00a0 und den Enkelkindern Ylva, Leni und Franka<\/p>\n<h2><span style=\"font-size: 12pt; font-family: 'Comic Sans MS', sans-serif; color: #808000;\">Gabi Uitz<\/span><\/h2>\n<p>Ich geh\u00f6re der Generation 60 + an. 1997 bin ich mit meinem Mann aus Bayern ins s\u00fcdliche Burgenland gezogen. Ich bin examinierte Krankenschwester und habe viele Jahre in Landshut gearbeitet.<\/p>\n<p>Meine ganze Liebe geh\u00f6rt meiner Familie, unseren G\u00e4sten und meinen Tieren<\/p>\n<p><a href=\"https:\/\/huegellandhof.com\/web\/wp-content\/uploads\/2013\/02\/Jean-Van-Luelik-Photographer-49.jpg\"><img loading=\"lazy\" decoding=\"async\" class=\"alignnone wp-image-2003 size-medium\" title=\"Hotel H\u00fcgellandhof - Team\" src=\"https:\/\/huegellandhof.com\/web\/wp-content\/uploads\/2013\/02\/Jean-Van-Luelik-Photographer-49-300x199.jpg\" alt=\"Hotel H\u00fcgellandhof - Team\" width=\"300\" height=\"199\" \/><\/a><\/p>\n","protected":false},"excerpt":{"rendered":"<p>Der H\u00fcgellandhof &#8211; das Haus mit Flair und Gem\u00fctlichkeit im Dreil\u00e4ndernaturpark neben Schlo\u00df Tabor. Unser neuerbautes Haus liegt eingebettet inmitten der Natur wo wir &#8211; das ist unsere bayerisch-burgenl\u00e4ndische Familie &#8211; Sie verw\u00f6hnen wollen. Wir sind Mitgliedsbetrieb in der Kooperation &hellip; <a href=\"https:\/\/huegellandhof.com\/web\/uber-uns-2\/\">Weiterlesen <span class=\"meta-nav\">&rarr;<\/span><\/a><\/p>\n","protected":false},"author":2,"featured_media":0,"parent":0,"menu_order":0,"comment_status":"closed","ping_status":"closed","template":"sidebar-page.php","meta":{"footnotes":""},"class_list":["post-82","page","type-page","status-publish","hentry"],"yoast_head":"<!-- This site is optimized with the Yoast SEO plugin v27.5 - https:\/\/yoast.com\/product\/yoast-seo-wordpress\/ -->\n<title>\u00dcber uns - H\u00fcgellandhof Familie Uitz im S\u00fcdburgenland<\/title>\n<meta name=\"robots\" content=\"index, follow, max-snippet:-1, max-image-preview:large, max-video-preview:-1\" \/>\n<link rel=\"canonical\" href=\"https:\/\/huegellandhof.com\/web\/uber-uns-2\/\" \/>\n<meta property=\"og:locale\" content=\"de_DE\" \/>\n<meta property=\"og:type\" content=\"article\" \/>\n<meta property=\"og:title\" content=\"\u00dcber uns - H\u00fcgellandhof Familie Uitz im S\u00fcdburgenland\" \/>\n<meta property=\"og:description\" content=\"Der H\u00fcgellandhof &#8211; das Haus mit Flair und Gem\u00fctlichkeit im Dreil\u00e4ndernaturpark neben Schlo\u00df Tabor. Unser neuerbautes Haus liegt eingebettet inmitten der Natur wo wir &#8211; das ist unsere bayerisch-burgenl\u00e4ndische Familie &#8211; Sie verw\u00f6hnen wollen. Wir sind Mitgliedsbetrieb in der Kooperation &hellip; Weiterlesen &rarr;\" \/>\n<meta property=\"og:url\" content=\"https:\/\/huegellandhof.com\/web\/uber-uns-2\/\" \/>\n<meta property=\"og:site_name\" content=\"H\u00fcgellandhof Familie Uitz im S\u00fcdburgenland\" \/>\n<meta property=\"article:modified_time\" content=\"2026-01-24T17:21:46+00:00\" \/>\n<meta name=\"twitter:card\" content=\"summary_large_image\" \/>\n<meta name=\"twitter:label1\" content=\"Gesch\u00e4tzte Lesezeit\" \/>\n\t<meta name=\"twitter:data1\" content=\"2\u00a0Minuten\" \/>\n<script type=\"application\/ld+json\" class=\"yoast-schema-graph\">{\"@context\":\"https:\\\/\\\/schema.org\",\"@graph\":[{\"@type\":\"WebPage\",\"@id\":\"https:\\\/\\\/huegellandhof.com\\\/web\\\/uber-uns-2\\\/\",\"url\":\"https:\\\/\\\/huegellandhof.com\\\/web\\\/uber-uns-2\\\/\",\"name\":\"\u00dcber uns - H\u00fcgellandhof Familie Uitz im S\u00fcdburgenland\",\"isPartOf\":{\"@id\":\"https:\\\/\\\/huegellandhof.com\\\/web\\\/#website\"},\"primaryImageOfPage\":{\"@id\":\"https:\\\/\\\/huegellandhof.com\\\/web\\\/uber-uns-2\\\/#primaryimage\"},\"image\":{\"@id\":\"https:\\\/\\\/huegellandhof.com\\\/web\\\/uber-uns-2\\\/#primaryimage\"},\"thumbnailUrl\":\"https:\\\/\\\/huegellandhof.com\\\/web\\\/wp-content\\\/uploads\\\/2013\\\/02\\\/ueber-uns-1.jpg\",\"datePublished\":\"2013-02-14T11:12:38+00:00\",\"dateModified\":\"2026-01-24T17:21:46+00:00\",\"breadcrumb\":{\"@id\":\"https:\\\/\\\/huegellandhof.com\\\/web\\\/uber-uns-2\\\/#breadcrumb\"},\"inLanguage\":\"de\",\"potentialAction\":[{\"@type\":\"ReadAction\",\"target\":[\"https:\\\/\\\/huegellandhof.com\\\/web\\\/uber-uns-2\\\/\"]}]},{\"@type\":\"ImageObject\",\"inLanguage\":\"de\",\"@id\":\"https:\\\/\\\/huegellandhof.com\\\/web\\\/uber-uns-2\\\/#primaryimage\",\"url\":\"\",\"contentUrl\":\"\"},{\"@type\":\"BreadcrumbList\",\"@id\":\"https:\\\/\\\/huegellandhof.com\\\/web\\\/uber-uns-2\\\/#breadcrumb\",\"itemListElement\":[{\"@type\":\"ListItem\",\"position\":1,\"name\":\"Startseite\",\"item\":\"https:\\\/\\\/huegellandhof.com\\\/web\\\/\"},{\"@type\":\"ListItem\",\"position\":2,\"name\":\"\u00dcber uns\"}]},{\"@type\":\"WebSite\",\"@id\":\"https:\\\/\\\/huegellandhof.com\\\/web\\\/#website\",\"url\":\"https:\\\/\\\/huegellandhof.com\\\/web\\\/\",\"name\":\"H\u00fcgellandhof Familie Uitz im S\u00fcdburgenland\",\"description\":\"Urlaub + Gesundheit in der Natur im Burgenland\",\"potentialAction\":[{\"@type\":\"SearchAction\",\"target\":{\"@type\":\"EntryPoint\",\"urlTemplate\":\"https:\\\/\\\/huegellandhof.com\\\/web\\\/?s={search_term_string}\"},\"query-input\":{\"@type\":\"PropertyValueSpecification\",\"valueRequired\":true,\"valueName\":\"search_term_string\"}}],\"inLanguage\":\"de\"}]}<\/script>\n<!-- \/ Yoast SEO plugin. -->","yoast_head_json":{"title":"\u00dcber uns - H\u00fcgellandhof Familie Uitz im S\u00fcdburgenland","robots":{"index":"index","follow":"follow","max-snippet":"max-snippet:-1","max-image-preview":"max-image-preview:large","max-video-preview":"max-video-preview:-1"},"canonical":"https:\/\/huegellandhof.com\/web\/uber-uns-2\/","og_locale":"de_DE","og_type":"article","og_title":"\u00dcber uns - H\u00fcgellandhof Familie Uitz im S\u00fcdburgenland","og_description":"Der H\u00fcgellandhof &#8211; das Haus mit Flair und Gem\u00fctlichkeit im Dreil\u00e4ndernaturpark neben Schlo\u00df Tabor. Unser neuerbautes Haus liegt eingebettet inmitten der Natur wo wir &#8211; das ist unsere bayerisch-burgenl\u00e4ndische Familie &#8211; Sie verw\u00f6hnen wollen. Wir sind Mitgliedsbetrieb in der Kooperation &hellip; Weiterlesen &rarr;","og_url":"https:\/\/huegellandhof.com\/web\/uber-uns-2\/","og_site_name":"H\u00fcgellandhof Familie Uitz im S\u00fcdburgenland","article_modified_time":"2026-01-24T17:21:46+00:00","twitter_card":"summary_large_image","twitter_misc":{"Gesch\u00e4tzte Lesezeit":"2\u00a0Minuten"},"schema":{"@context":"https:\/\/schema.org","@graph":[{"@type":"WebPage","@id":"https:\/\/huegellandhof.com\/web\/uber-uns-2\/","url":"https:\/\/huegellandhof.com\/web\/uber-uns-2\/","name":"\u00dcber uns - H\u00fcgellandhof Familie Uitz im S\u00fcdburgenland","isPartOf":{"@id":"https:\/\/huegellandhof.com\/web\/#website"},"primaryImageOfPage":{"@id":"https:\/\/huegellandhof.com\/web\/uber-uns-2\/#primaryimage"},"image":{"@id":"https:\/\/huegellandhof.com\/web\/uber-uns-2\/#primaryimage"},"thumbnailUrl":"https:\/\/huegellandhof.com\/web\/wp-content\/uploads\/2013\/02\/ueber-uns-1.jpg","datePublished":"2013-02-14T11:12:38+00:00","dateModified":"2026-01-24T17:21:46+00:00","breadcrumb":{"@id":"https:\/\/huegellandhof.com\/web\/uber-uns-2\/#breadcrumb"},"inLanguage":"de","potentialAction":[{"@type":"ReadAction","target":["https:\/\/huegellandhof.com\/web\/uber-uns-2\/"]}]},{"@type":"ImageObject","inLanguage":"de","@id":"https:\/\/huegellandhof.com\/web\/uber-uns-2\/#primaryimage","url":"","contentUrl":""},{"@type":"BreadcrumbList","@id":"https:\/\/huegellandhof.com\/web\/uber-uns-2\/#breadcrumb","itemListElement":[{"@type":"ListItem","position":1,"name":"Startseite","item":"https:\/\/huegellandhof.com\/web\/"},{"@type":"ListItem","position":2,"name":"\u00dcber uns"}]},{"@type":"WebSite","@id":"https:\/\/huegellandhof.com\/web\/#website","url":"https:\/\/huegellandhof.com\/web\/","name":"H\u00fcgellandhof Familie Uitz im S\u00fcdburgenland","description":"Urlaub + Gesundheit in der Natur im Burgenland","potentialAction":[{"@type":"SearchAction","target":{"@type":"EntryPoint","urlTemplate":"https:\/\/huegellandhof.com\/web\/?s={search_term_string}"},"query-input":{"@type":"PropertyValueSpecification","valueRequired":true,"valueName":"search_term_string"}}],"inLanguage":"de"}]}},"_links":{"self":[{"href":"https:\/\/huegellandhof.com\/web\/wp-json\/wp\/v2\/pages\/82","targetHints":{"allow":["GET"]}}],"collection":[{"href":"https:\/\/huegellandhof.com\/web\/wp-json\/wp\/v2\/pages"}],"about":[{"href":"https:\/\/huegellandhof.com\/web\/wp-json\/wp\/v2\/types\/page"}],"author":[{"embeddable":true,"href":"https:\/\/huegellandhof.com\/web\/wp-json\/wp\/v2\/users\/2"}],"replies":[{"embeddable":true,"href":"https:\/\/huegellandhof.com\/web\/wp-json\/wp\/v2\/comments?post=82"}],"version-history":[{"count":34,"href":"https:\/\/huegellandhof.com\/web\/wp-json\/wp\/v2\/pages\/82\/revisions"}],"predecessor-version":[{"id":4595,"href":"https:\/\/huegellandhof.com\/web\/wp-json\/wp\/v2\/pages\/82\/revisions\/4595"}],"wp:attachment":[{"href":"https:\/\/huegellandhof.com\/web\/wp-json\/wp\/v2\/media?parent=82"}],"curies":[{"name":"wp","href":"https:\/\/api.w.org\/{rel}","templated":true}]}}

Über uns

<p>Der Hügellandhof &#8211; das Haus mit Flair und Gemütlichkeit im Dreiländernaturpark neben Schloß Tabor.<br />
Unser neuerbautes Haus liegt eingebettet inmitten der Natur wo wir &#8211; das ist unsere bayerisch-burgenländische Familie &#8211; Sie verwöhnen wollen.</p>
<p>Wir sind Mitgliedsbetrieb in der Kooperation &#8222;Landleben im Sonnengartl&#8220;.</p>
<p><img loading="lazy" decoding="async" class="alignnone wp-image-2349 size-full" title="Hotel Hügellandhof im Südburgenland - Vorderansicht" src="https://huegellandhof.com/web/wp-content/uploads/2013/02/ueber-uns-1.jpg" alt="Hotel Hügellandhof im Südburgenland - Vorderansicht" width="1024" height="512" /></p>
<h2><span style="font-size: 12pt; font-family: 'Comic Sans MS', sans-serif; color: #808000;">Herbert Uitz</span></h2>
<p>Vor über 40 Jahren bin ich hier geboren, das war der Ausgangspunkt meines Lebens, von dort aus ging ich auf Wanderschaft. Die 1. Station war Graz, dort begann ich meine Kochlehre.<br />
Nach vielen Jahren harter Arbeit “Stein auf Stein” ist der heutige Hügellandhof erstanden.<br />
In meiner Lebensmitte habe ich auch mein Glück mit meiner Familie gefunden. Unser gemeinsames Streben ist, dass sich unsere Gäste wohlfühlen.</p>
<p>Bin Vater und Opa von 3 großen Kindern, Steffi , Andi und Jenny  und den Enkelkindern Ylva, Leni und Franka</p>
<h2><span style="font-size: 12pt; font-family: 'Comic Sans MS', sans-serif; color: #808000;">Gabi Uitz</span></h2>
<p>Ich gehöre der Generation 60 + an. 1997 bin ich mit meinem Mann aus Bayern ins südliche Burgenland gezogen. Ich bin examinierte Krankenschwester und habe viele Jahre in Landshut gearbeitet.</p>
<p>Meine ganze Liebe gehört meiner Familie, unseren Gästen und meinen Tieren</p>
<p><a href="https://huegellandhof.com/web/wp-content/uploads/2013/02/Jean-Van-Luelik-Photographer-49.jpg"><img loading="lazy" decoding="async" class="alignnone wp-image-2003 size-medium" title="Hotel Hügellandhof - Team" src="https://huegellandhof.com/web/wp-content/uploads/2013/02/Jean-Van-Luelik-Photographer-49-300x199.jpg" alt="Hotel Hügellandhof - Team" width="300" height="199" /></a></p>

<p>Der Hügellandhof &#8211; das Haus mit Flair und Gemütlichkeit im Dreiländernaturpark neben Schloß Tabor. Unser neuerbautes Haus liegt eingebettet inmitten der Natur wo wir &#8211; das ist unsere bayerisch-burgenländische Familie &#8211; Sie verwöhnen wollen. Wir sind Mitgliedsbetrieb in der Kooperation &hellip; <a href="https://huegellandhof.com/web/uber-uns-2/">Weiterlesen <span class="meta-nav">&rarr;</span></a></p>

<!-- This site is optimized with the Yoast SEO plugin v27.5 - https://yoast.com/product/yoast-seo-wordpress/ -->
<title>Über uns - Hügellandhof Familie Uitz im Südburgenland</title>
<meta name="robots" content="index, follow, max-snippet:-1, max-image-preview:large, max-video-preview:-1" />
<link rel="canonical" href="https://huegellandhof.com/web/uber-uns-2/" />
<meta property="og:locale" content="de_DE" />
<meta property="og:type" content="article" />
<meta property="og:title" content="Über uns - Hügellandhof Familie Uitz im Südburgenland" />
<meta property="og:description" content="Der Hügellandhof &#8211; das Haus mit Flair und Gemütlichkeit im Dreiländernaturpark neben Schloß Tabor. Unser neuerbautes Haus liegt eingebettet inmitten der Natur wo wir &#8211; das ist unsere bayerisch-burgenländische Familie &#8211; Sie verwöhnen wollen. Wir sind Mitgliedsbetrieb in der Kooperation &hellip; Weiterlesen &rarr;" />
<meta property="og:url" content="https://huegellandhof.com/web/uber-uns-2/" />
<meta property="og:site_name" content="Hügellandhof Familie Uitz im Südburgenland" />
<meta property="article:modified_time" content="2026-01-24T17:21:46+00:00" />
<meta name="twitter:card" content="summary_large_image" />
<meta name="twitter:label1" content="Geschätzte Lesezeit" />
	<meta name="twitter:data1" content="2 Minuten" />
<script type="application/ld+json" class="yoast-schema-graph">{"@context":"https:\/\/schema.org","@graph":[{"@type":"WebPage","@id":"https:\/\/huegellandhof.com\/web\/uber-uns-2\/","url":"https:\/\/huegellandhof.com\/web\/uber-uns-2\/","name":"Über uns - Hügellandhof Familie Uitz im Südburgenland","isPartOf":{"@id":"https:\/\/huegellandhof.com\/web\/#website"},"primaryImageOfPage":{"@id":"https:\/\/huegellandhof.com\/web\/uber-uns-2\/#primaryimage"},"image":{"@id":"https:\/\/huegellandhof.com\/web\/uber-uns-2\/#primaryimage"},"thumbnailUrl":"https:\/\/huegellandhof.com\/web\/wp-content\/uploads\/2013\/02\/ueber-uns-1.jpg","datePublished":"2013-02-14T11:12:38+00:00","dateModified":"2026-01-24T17:21:46+00:00","breadcrumb":{"@id":"https:\/\/huegellandhof.com\/web\/uber-uns-2\/#breadcrumb"},"inLanguage":"de","potentialAction":[{"@type":"ReadAction","target":["https:\/\/huegellandhof.com\/web\/uber-uns-2\/"]}]},{"@type":"ImageObject","inLanguage":"de","@id":"https:\/\/huegellandhof.com\/web\/uber-uns-2\/#primaryimage","url":"","contentUrl":""},{"@type":"BreadcrumbList","@id":"https:\/\/huegellandhof.com\/web\/uber-uns-2\/#breadcrumb","itemListElement":[{"@type":"ListItem","position":1,"name":"Startseite","item":"https:\/\/huegellandhof.com\/web\/"},{"@type":"ListItem","position":2,"name":"Über uns"}]},{"@type":"WebSite","@id":"https:\/\/huegellandhof.com\/web\/#website","url":"https:\/\/huegellandhof.com\/web\/","name":"Hügellandhof Familie Uitz im Südburgenland","description":"Urlaub + Gesundheit in der Natur im Burgenland","potentialAction":[{"@type":"SearchAction","target":{"@type":"EntryPoint","urlTemplate":"https:\/\/huegellandhof.com\/web\/?s={search_term_string}"},"query-input":{"@type":"PropertyValueSpecification","valueRequired":true,"valueName":"search_term_string"}}],"inLanguage":"de"}]}</script>
<!-- / Yoast SEO plugin. -->

Über uns - Hügellandhof Familie Uitz im Südburgenland

Der Hügellandhof &#8211; das Haus mit Flair und Gemütlichkeit im Dreiländernaturpark neben Schloß Tabor. Unser neuerbautes Haus liegt eingebettet inmitten der Natur wo wir &#8211; das ist unsere bayerisch-burgenländische Familie &#8211; Sie verwöhnen wollen. Wir sind Mitgliedsbetrieb in der Kooperation &hellip; Weiterlesen &rarr;

Hügellandhof Familie Uitz im Südburgenland
