{"id":399,"date":"2013-02-18T15:27:22","date_gmt":"2013-02-18T15:27:22","guid":{"rendered":"http:\/\/huegellandhof.at\/web\/?page_id=399"},"modified":"2025-11-28T14:34:23","modified_gmt":"2025-11-28T14:34:23","slug":"index","status":"publish","type":"page","link":"https:\/\/huegellandhof.com\/web\/","title":{"rendered":"Herzlich willkommen &#8230;"},"content":{"rendered":"<h2 style=\"text-align: left;\"><span style=\"font-size: 18pt;\"><strong><span style=\"font-family: Helvetica;\">\u00a0<\/span><span style=\"font-family: 'Comic Sans MS', sans-serif;\"><span style=\"font-family: Helvetica;\"> &#8230;&#8230;&#8230;&#8230;Gesundheitsbewusste, Fastenwillige, Wanderliebhaber.<\/span>\u00a0<\/span><\/strong><\/span><\/h2>\n<h6 style=\"text-align: left;\"><span style=\"font-family: 'Comic Sans MS', sans-serif;\"><em>Manchmal muss man sich auch ein wenig Ruhe g\u00f6nnen.\u00a0\u00a0<\/em><\/span><\/h6>\n<h6 style=\"text-align: left;\"><span style=\"font-family: 'Comic Sans MS', sans-serif;\"><em>Sich in der H\u00e4ngematte ausstrecken und die Wolken am Himmel z\u00e4hlen.\u00a0\u00a0<\/em><\/span><\/h6>\n<h6 style=\"text-align: left;\"><span style=\"font-family: 'Comic Sans MS', sans-serif;\"><em>Die Natur bestaunen und zwitschernden V\u00f6geln lauschen.\u00a0<\/em><\/span><\/h6>\n<h6 style=\"text-align: left;\"><span style=\"font-family: 'Comic Sans MS', sans-serif;\"><em>Dem Wald zuh\u00f6ren, wie er morgens aufwacht.\u00a0\u00a0<\/em><\/span><\/h6>\n<p><a href=\"https:\/\/huegellandhof.com\/web\/wp-content\/uploads\/2024\/01\/IMG_20210706_080719-1-scaled.jpg\"><img loading=\"lazy\" decoding=\"async\" class=\"alignnone wp-image-4394\" src=\"https:\/\/huegellandhof.com\/web\/wp-content\/uploads\/2024\/01\/IMG_20210706_080719-1-scaled.jpg\" alt=\"\" width=\"568\" height=\"430\" \/><\/a><\/p>\n<p>&nbsp;<\/p>\n<p style=\"text-align: left;\"><span style=\"font-family: 'Comic Sans MS', sans-serif;\"><span style=\"font-size: 14pt;\"><strong>Im s\u00fcdlichen Burgenland,<\/strong><\/span> eingebettet zwischen sanften H\u00fcgeln im Dreil\u00e4ndernaturpark Raab, bietet unser idyllischer Hof <strong>Erholung pur.<\/strong>\u00a0\u00a0<\/span><\/p>\n<p style=\"text-align: left;\"><span style=\"font-family: 'Comic Sans MS', sans-serif;\">Unter dem Motto \u201e<strong>In der Natur mit der Natur<\/strong>\u201c arbeiten wir mit nat\u00fcrlichen Materialien, verwenden ausschlie\u00dflich effiziente Mikroorganismen &#8211; sowohl im Haus, als auch im Garten &#8211; und bieten auch verschiedenste Gesundheitsangebote.<\/span><\/p>\n<p style=\"text-align: left;\"><a href=\"https:\/\/huegellandhof.com\/web\/wp-content\/uploads\/2023\/01\/20180518_203804_resized-scaled.jpg\"><img loading=\"lazy\" decoding=\"async\" class=\"alignnone size-full wp-image-4130\" src=\"https:\/\/huegellandhof.com\/web\/wp-content\/uploads\/2023\/01\/20180518_203804_resized-scaled.jpg\" alt=\"\" width=\"2560\" height=\"976\" srcset=\"https:\/\/huegellandhof.com\/web\/wp-content\/uploads\/2023\/01\/20180518_203804_resized-scaled.jpg 2560w, https:\/\/huegellandhof.com\/web\/wp-content\/uploads\/2023\/01\/20180518_203804_resized-300x114.jpg 300w, https:\/\/huegellandhof.com\/web\/wp-content\/uploads\/2023\/01\/20180518_203804_resized-1024x390.jpg 1024w, https:\/\/huegellandhof.com\/web\/wp-content\/uploads\/2023\/01\/20180518_203804_resized-768x293.jpg 768w, https:\/\/huegellandhof.com\/web\/wp-content\/uploads\/2023\/01\/20180518_203804_resized-1536x586.jpg 1536w, https:\/\/huegellandhof.com\/web\/wp-content\/uploads\/2023\/01\/20180518_203804_resized-2048x781.jpg 2048w, https:\/\/huegellandhof.com\/web\/wp-content\/uploads\/2023\/01\/20180518_203804_resized-500x191.jpg 500w\" sizes=\"auto, (max-width: 2560px) 100vw, 2560px\" \/><\/a><\/p>\n<p style=\"text-align: left;\"><span style=\"font-family: 'Comic Sans MS', sans-serif;\"><strong>Wohlbefinden und Wellness<\/strong> d\u00fcrfen nat\u00fcrlich nicht zu kurz kommen. Egal ob ein ruhiges Pl\u00e4tzchen f\u00fcr Yoga, Meditation oder ein Buch, einen entspannenden Saunagang oder individuelle Massage. Bei uns findest du, was die Seele braucht.\u00a0<\/span><\/p>\n<p style=\"text-align: left;\"><span style=\"font-family: 'Comic Sans MS', sans-serif;\">Ihre Familie Uitz\u00a0<\/span><\/p>\n<p><a href=\"https:\/\/huegellandhof.com\/web\/wp-content\/uploads\/2013\/02\/Jean-Van-Luelik-Photographer-25.jpg\"><img loading=\"lazy\" decoding=\"async\" class=\"alignnone size-full wp-image-1985\" src=\"https:\/\/huegellandhof.com\/web\/wp-content\/uploads\/2013\/02\/Jean-Van-Luelik-Photographer-25.jpg\" alt=\"\" width=\"2625\" height=\"3944\" \/><\/a><\/p>\n","protected":false},"excerpt":{"rendered":"<p>\u00a0 &#8230;&#8230;&#8230;&#8230;Gesundheitsbewusste, Fastenwillige, Wanderliebhaber.\u00a0 Manchmal muss man sich auch ein wenig Ruhe g\u00f6nnen.\u00a0\u00a0 Sich in der H\u00e4ngematte ausstrecken und die Wolken am Himmel z\u00e4hlen.\u00a0\u00a0 Die Natur bestaunen und zwitschernden V\u00f6geln lauschen.\u00a0 Dem Wald zuh\u00f6ren, wie er morgens aufwacht.\u00a0\u00a0 &nbsp; Im &hellip; <a href=\"https:\/\/huegellandhof.com\/web\/\">Weiterlesen <span class=\"meta-nav\">&rarr;<\/span><\/a><\/p>\n","protected":false},"author":1,"featured_media":0,"parent":0,"menu_order":0,"comment_status":"closed","ping_status":"closed","template":"sidebar-page.php","meta":{"footnotes":""},"class_list":["post-399","page","type-page","status-publish","hentry"],"yoast_head":"<!-- This site is optimized with the Yoast SEO plugin v27.5 - https:\/\/yoast.com\/product\/yoast-seo-wordpress\/ -->\n<title>Herzlich willkommen ... - H\u00fcgellandhof Familie Uitz im S\u00fcdburgenland<\/title>\n<meta name=\"robots\" content=\"index, follow, max-snippet:-1, max-image-preview:large, max-video-preview:-1\" \/>\n<link rel=\"canonical\" href=\"https:\/\/huegellandhof.com\/web\/\" \/>\n<meta property=\"og:locale\" content=\"de_DE\" \/>\n<meta property=\"og:type\" content=\"article\" \/>\n<meta property=\"og:title\" content=\"Herzlich willkommen ... - H\u00fcgellandhof Familie Uitz im S\u00fcdburgenland\" \/>\n<meta property=\"og:description\" content=\"\u00a0 &#8230;&#8230;&#8230;&#8230;Gesundheitsbewusste, Fastenwillige, Wanderliebhaber.\u00a0 Manchmal muss man sich auch ein wenig Ruhe g\u00f6nnen.\u00a0\u00a0 Sich in der H\u00e4ngematte ausstrecken und die Wolken am Himmel z\u00e4hlen.\u00a0\u00a0 Die Natur bestaunen und zwitschernden V\u00f6geln lauschen.\u00a0 Dem Wald zuh\u00f6ren, wie er morgens aufwacht.\u00a0\u00a0 &nbsp; Im &hellip; Weiterlesen &rarr;\" \/>\n<meta property=\"og:url\" content=\"https:\/\/huegellandhof.com\/web\/\" \/>\n<meta property=\"og:site_name\" content=\"H\u00fcgellandhof Familie Uitz im S\u00fcdburgenland\" \/>\n<meta property=\"article:modified_time\" content=\"2025-11-28T14:34:23+00:00\" \/>\n<meta property=\"og:image\" content=\"https:\/\/huegellandhof.com\/web\/wp-content\/uploads\/2024\/01\/IMG_20210706_080719-1-scaled.jpg\" \/>\n<meta name=\"twitter:card\" content=\"summary_large_image\" \/>\n<meta name=\"twitter:label1\" content=\"Gesch\u00e4tzte Lesezeit\" \/>\n\t<meta name=\"twitter:data1\" content=\"2\u00a0Minuten\" \/>\n<script type=\"application\/ld+json\" class=\"yoast-schema-graph\">{\"@context\":\"https:\\\/\\\/schema.org\",\"@graph\":[{\"@type\":\"WebPage\",\"@id\":\"https:\\\/\\\/huegellandhof.com\\\/web\\\/\",\"url\":\"https:\\\/\\\/huegellandhof.com\\\/web\\\/\",\"name\":\"Herzlich willkommen ... - H\u00fcgellandhof Familie Uitz im S\u00fcdburgenland\",\"isPartOf\":{\"@id\":\"https:\\\/\\\/huegellandhof.com\\\/web\\\/#website\"},\"primaryImageOfPage\":{\"@id\":\"https:\\\/\\\/huegellandhof.com\\\/web\\\/#primaryimage\"},\"image\":{\"@id\":\"https:\\\/\\\/huegellandhof.com\\\/web\\\/#primaryimage\"},\"thumbnailUrl\":\"https:\\\/\\\/huegellandhof.com\\\/web\\\/wp-content\\\/uploads\\\/2024\\\/01\\\/IMG_20210706_080719-1-scaled.jpg\",\"datePublished\":\"2013-02-18T15:27:22+00:00\",\"dateModified\":\"2025-11-28T14:34:23+00:00\",\"breadcrumb\":{\"@id\":\"https:\\\/\\\/huegellandhof.com\\\/web\\\/#breadcrumb\"},\"inLanguage\":\"de\",\"potentialAction\":[{\"@type\":\"ReadAction\",\"target\":[\"https:\\\/\\\/huegellandhof.com\\\/web\\\/\"]}]},{\"@type\":\"ImageObject\",\"inLanguage\":\"de\",\"@id\":\"https:\\\/\\\/huegellandhof.com\\\/web\\\/#primaryimage\",\"url\":\"https:\\\/\\\/huegellandhof.com\\\/web\\\/wp-content\\\/uploads\\\/2024\\\/01\\\/IMG_20210706_080719-1-scaled.jpg\",\"contentUrl\":\"https:\\\/\\\/huegellandhof.com\\\/web\\\/wp-content\\\/uploads\\\/2024\\\/01\\\/IMG_20210706_080719-1-scaled.jpg\"},{\"@type\":\"BreadcrumbList\",\"@id\":\"https:\\\/\\\/huegellandhof.com\\\/web\\\/#breadcrumb\",\"itemListElement\":[{\"@type\":\"ListItem\",\"position\":1,\"name\":\"Startseite\",\"item\":\"https:\\\/\\\/huegellandhof.com\\\/web\\\/\"},{\"@type\":\"ListItem\",\"position\":2,\"name\":\"Herzlich willkommen &#8230;\"}]},{\"@type\":\"WebSite\",\"@id\":\"https:\\\/\\\/huegellandhof.com\\\/web\\\/#website\",\"url\":\"https:\\\/\\\/huegellandhof.com\\\/web\\\/\",\"name\":\"H\u00fcgellandhof Familie Uitz im S\u00fcdburgenland\",\"description\":\"Urlaub + Gesundheit in der Natur im Burgenland\",\"potentialAction\":[{\"@type\":\"SearchAction\",\"target\":{\"@type\":\"EntryPoint\",\"urlTemplate\":\"https:\\\/\\\/huegellandhof.com\\\/web\\\/?s={search_term_string}\"},\"query-input\":{\"@type\":\"PropertyValueSpecification\",\"valueRequired\":true,\"valueName\":\"search_term_string\"}}],\"inLanguage\":\"de\"}]}<\/script>\n<!-- \/ Yoast SEO plugin. -->","yoast_head_json":{"title":"Herzlich willkommen ... - H\u00fcgellandhof Familie Uitz im S\u00fcdburgenland","robots":{"index":"index","follow":"follow","max-snippet":"max-snippet:-1","max-image-preview":"max-image-preview:large","max-video-preview":"max-video-preview:-1"},"canonical":"https:\/\/huegellandhof.com\/web\/","og_locale":"de_DE","og_type":"article","og_title":"Herzlich willkommen ... - H\u00fcgellandhof Familie Uitz im S\u00fcdburgenland","og_description":"\u00a0 &#8230;&#8230;&#8230;&#8230;Gesundheitsbewusste, Fastenwillige, Wanderliebhaber.\u00a0 Manchmal muss man sich auch ein wenig Ruhe g\u00f6nnen.\u00a0\u00a0 Sich in der H\u00e4ngematte ausstrecken und die Wolken am Himmel z\u00e4hlen.\u00a0\u00a0 Die Natur bestaunen und zwitschernden V\u00f6geln lauschen.\u00a0 Dem Wald zuh\u00f6ren, wie er morgens aufwacht.\u00a0\u00a0 &nbsp; Im &hellip; Weiterlesen &rarr;","og_url":"https:\/\/huegellandhof.com\/web\/","og_site_name":"H\u00fcgellandhof Familie Uitz im S\u00fcdburgenland","article_modified_time":"2025-11-28T14:34:23+00:00","og_image":[{"url":"https:\/\/huegellandhof.com\/web\/wp-content\/uploads\/2024\/01\/IMG_20210706_080719-1-scaled.jpg","type":"","width":"","height":""}],"twitter_card":"summary_large_image","twitter_misc":{"Gesch\u00e4tzte Lesezeit":"2\u00a0Minuten"},"schema":{"@context":"https:\/\/schema.org","@graph":[{"@type":"WebPage","@id":"https:\/\/huegellandhof.com\/web\/","url":"https:\/\/huegellandhof.com\/web\/","name":"Herzlich willkommen ... - H\u00fcgellandhof Familie Uitz im S\u00fcdburgenland","isPartOf":{"@id":"https:\/\/huegellandhof.com\/web\/#website"},"primaryImageOfPage":{"@id":"https:\/\/huegellandhof.com\/web\/#primaryimage"},"image":{"@id":"https:\/\/huegellandhof.com\/web\/#primaryimage"},"thumbnailUrl":"https:\/\/huegellandhof.com\/web\/wp-content\/uploads\/2024\/01\/IMG_20210706_080719-1-scaled.jpg","datePublished":"2013-02-18T15:27:22+00:00","dateModified":"2025-11-28T14:34:23+00:00","breadcrumb":{"@id":"https:\/\/huegellandhof.com\/web\/#breadcrumb"},"inLanguage":"de","potentialAction":[{"@type":"ReadAction","target":["https:\/\/huegellandhof.com\/web\/"]}]},{"@type":"ImageObject","inLanguage":"de","@id":"https:\/\/huegellandhof.com\/web\/#primaryimage","url":"https:\/\/huegellandhof.com\/web\/wp-content\/uploads\/2024\/01\/IMG_20210706_080719-1-scaled.jpg","contentUrl":"https:\/\/huegellandhof.com\/web\/wp-content\/uploads\/2024\/01\/IMG_20210706_080719-1-scaled.jpg"},{"@type":"BreadcrumbList","@id":"https:\/\/huegellandhof.com\/web\/#breadcrumb","itemListElement":[{"@type":"ListItem","position":1,"name":"Startseite","item":"https:\/\/huegellandhof.com\/web\/"},{"@type":"ListItem","position":2,"name":"Herzlich willkommen &#8230;"}]},{"@type":"WebSite","@id":"https:\/\/huegellandhof.com\/web\/#website","url":"https:\/\/huegellandhof.com\/web\/","name":"H\u00fcgellandhof Familie Uitz im S\u00fcdburgenland","description":"Urlaub + Gesundheit in der Natur im Burgenland","potentialAction":[{"@type":"SearchAction","target":{"@type":"EntryPoint","urlTemplate":"https:\/\/huegellandhof.com\/web\/?s={search_term_string}"},"query-input":{"@type":"PropertyValueSpecification","valueRequired":true,"valueName":"search_term_string"}}],"inLanguage":"de"}]}},"_links":{"self":[{"href":"https:\/\/huegellandhof.com\/web\/wp-json\/wp\/v2\/pages\/399","targetHints":{"allow":["GET"]}}],"collection":[{"href":"https:\/\/huegellandhof.com\/web\/wp-json\/wp\/v2\/pages"}],"about":[{"href":"https:\/\/huegellandhof.com\/web\/wp-json\/wp\/v2\/types\/page"}],"author":[{"embeddable":true,"href":"https:\/\/huegellandhof.com\/web\/wp-json\/wp\/v2\/users\/1"}],"replies":[{"embeddable":true,"href":"https:\/\/huegellandhof.com\/web\/wp-json\/wp\/v2\/comments?post=399"}],"version-history":[{"count":74,"href":"https:\/\/huegellandhof.com\/web\/wp-json\/wp\/v2\/pages\/399\/revisions"}],"predecessor-version":[{"id":4742,"href":"https:\/\/huegellandhof.com\/web\/wp-json\/wp\/v2\/pages\/399\/revisions\/4742"}],"wp:attachment":[{"href":"https:\/\/huegellandhof.com\/web\/wp-json\/wp\/v2\/media?parent=399"}],"curies":[{"name":"wp","href":"https:\/\/api.w.org\/{rel}","templated":true}]}}

<h2 style="text-align: left;"><span style="font-size: 18pt;"><strong><span style="font-family: Helvetica;"> </span><span style="font-family: 'Comic Sans MS', sans-serif;"><span style="font-family: Helvetica;"> &#8230;&#8230;&#8230;&#8230;Gesundheitsbewusste, Fastenwillige, Wanderliebhaber.</span> </span></strong></span></h2>
<h6 style="text-align: left;"><span style="font-family: 'Comic Sans MS', sans-serif;"><em>Manchmal muss man sich auch ein wenig Ruhe gönnen.  </em></span></h6>
<h6 style="text-align: left;"><span style="font-family: 'Comic Sans MS', sans-serif;"><em>Sich in der Hängematte ausstrecken und die Wolken am Himmel zählen.  </em></span></h6>
<h6 style="text-align: left;"><span style="font-family: 'Comic Sans MS', sans-serif;"><em>Die Natur bestaunen und zwitschernden Vögeln lauschen. </em></span></h6>
<h6 style="text-align: left;"><span style="font-family: 'Comic Sans MS', sans-serif;"><em>Dem Wald zuhören, wie er morgens aufwacht.  </em></span></h6>
<p><a href="https://huegellandhof.com/web/wp-content/uploads/2024/01/IMG_20210706_080719-1-scaled.jpg"><img loading="lazy" decoding="async" class="alignnone wp-image-4394" src="https://huegellandhof.com/web/wp-content/uploads/2024/01/IMG_20210706_080719-1-scaled.jpg" alt="" width="568" height="430" /></a></p>
<p>&nbsp;</p>
<p style="text-align: left;"><span style="font-family: 'Comic Sans MS', sans-serif;"><span style="font-size: 14pt;"><strong>Im südlichen Burgenland,</strong></span> eingebettet zwischen sanften Hügeln im Dreiländernaturpark Raab, bietet unser idyllischer Hof <strong>Erholung pur.</strong>  </span></p>
<p style="text-align: left;"><span style="font-family: 'Comic Sans MS', sans-serif;">Unter dem Motto „<strong>In der Natur mit der Natur</strong>“ arbeiten wir mit natürlichen Materialien, verwenden ausschließlich effiziente Mikroorganismen &#8211; sowohl im Haus, als auch im Garten &#8211; und bieten auch verschiedenste Gesundheitsangebote.</span></p>
<p style="text-align: left;"><a href="https://huegellandhof.com/web/wp-content/uploads/2023/01/20180518_203804_resized-scaled.jpg"><img loading="lazy" decoding="async" class="alignnone size-full wp-image-4130" src="https://huegellandhof.com/web/wp-content/uploads/2023/01/20180518_203804_resized-scaled.jpg" alt="" width="2560" height="976" srcset="https://huegellandhof.com/web/wp-content/uploads/2023/01/20180518_203804_resized-scaled.jpg 2560w, https://huegellandhof.com/web/wp-content/uploads/2023/01/20180518_203804_resized-300x114.jpg 300w, https://huegellandhof.com/web/wp-content/uploads/2023/01/20180518_203804_resized-1024x390.jpg 1024w, https://huegellandhof.com/web/wp-content/uploads/2023/01/20180518_203804_resized-768x293.jpg 768w, https://huegellandhof.com/web/wp-content/uploads/2023/01/20180518_203804_resized-1536x586.jpg 1536w, https://huegellandhof.com/web/wp-content/uploads/2023/01/20180518_203804_resized-2048x781.jpg 2048w, https://huegellandhof.com/web/wp-content/uploads/2023/01/20180518_203804_resized-500x191.jpg 500w" sizes="auto, (max-width: 2560px) 100vw, 2560px" /></a></p>
<p style="text-align: left;"><span style="font-family: 'Comic Sans MS', sans-serif;"><strong>Wohlbefinden und Wellness</strong> dürfen natürlich nicht zu kurz kommen. Egal ob ein ruhiges Plätzchen für Yoga, Meditation oder ein Buch, einen entspannenden Saunagang oder individuelle Massage. Bei uns findest du, was die Seele braucht. </span></p>
<p style="text-align: left;"><span style="font-family: 'Comic Sans MS', sans-serif;">Ihre Familie Uitz </span></p>
<p><a href="https://huegellandhof.com/web/wp-content/uploads/2013/02/Jean-Van-Luelik-Photographer-25.jpg"><img loading="lazy" decoding="async" class="alignnone size-full wp-image-1985" src="https://huegellandhof.com/web/wp-content/uploads/2013/02/Jean-Van-Luelik-Photographer-25.jpg" alt="" width="2625" height="3944" /></a></p>

<p>  &#8230;&#8230;&#8230;&#8230;Gesundheitsbewusste, Fastenwillige, Wanderliebhaber.  Manchmal muss man sich auch ein wenig Ruhe gönnen.   Sich in der Hängematte ausstrecken und die Wolken am Himmel zählen.   Die Natur bestaunen und zwitschernden Vögeln lauschen.  Dem Wald zuhören, wie er morgens aufwacht.   &nbsp; Im &hellip; <a href="https://huegellandhof.com/web/">Weiterlesen <span class="meta-nav">&rarr;</span></a></p>

<!-- This site is optimized with the Yoast SEO plugin v27.5 - https://yoast.com/product/yoast-seo-wordpress/ -->
<title>Herzlich willkommen ... - Hügellandhof Familie Uitz im Südburgenland</title>
<meta name="robots" content="index, follow, max-snippet:-1, max-image-preview:large, max-video-preview:-1" />
<link rel="canonical" href="https://huegellandhof.com/web/" />
<meta property="og:locale" content="de_DE" />
<meta property="og:type" content="article" />
<meta property="og:title" content="Herzlich willkommen ... - Hügellandhof Familie Uitz im Südburgenland" />
<meta property="og:description" content="  &#8230;&#8230;&#8230;&#8230;Gesundheitsbewusste, Fastenwillige, Wanderliebhaber.  Manchmal muss man sich auch ein wenig Ruhe gönnen.   Sich in der Hängematte ausstrecken und die Wolken am Himmel zählen.   Die Natur bestaunen und zwitschernden Vögeln lauschen.  Dem Wald zuhören, wie er morgens aufwacht.   &nbsp; Im &hellip; Weiterlesen &rarr;" />
<meta property="og:url" content="https://huegellandhof.com/web/" />
<meta property="og:site_name" content="Hügellandhof Familie Uitz im Südburgenland" />
<meta property="article:modified_time" content="2025-11-28T14:34:23+00:00" />
<meta property="og:image" content="https://huegellandhof.com/web/wp-content/uploads/2024/01/IMG_20210706_080719-1-scaled.jpg" />
<meta name="twitter:card" content="summary_large_image" />
<meta name="twitter:label1" content="Geschätzte Lesezeit" />
	<meta name="twitter:data1" content="2 Minuten" />
<script type="application/ld+json" class="yoast-schema-graph">{"@context":"https:\/\/schema.org","@graph":[{"@type":"WebPage","@id":"https:\/\/huegellandhof.com\/web\/","url":"https:\/\/huegellandhof.com\/web\/","name":"Herzlich willkommen ... - Hügellandhof Familie Uitz im Südburgenland","isPartOf":{"@id":"https:\/\/huegellandhof.com\/web\/#website"},"primaryImageOfPage":{"@id":"https:\/\/huegellandhof.com\/web\/#primaryimage"},"image":{"@id":"https:\/\/huegellandhof.com\/web\/#primaryimage"},"thumbnailUrl":"https:\/\/huegellandhof.com\/web\/wp-content\/uploads\/2024\/01\/IMG_20210706_080719-1-scaled.jpg","datePublished":"2013-02-18T15:27:22+00:00","dateModified":"2025-11-28T14:34:23+00:00","breadcrumb":{"@id":"https:\/\/huegellandhof.com\/web\/#breadcrumb"},"inLanguage":"de","potentialAction":[{"@type":"ReadAction","target":["https:\/\/huegellandhof.com\/web\/"]}]},{"@type":"ImageObject","inLanguage":"de","@id":"https:\/\/huegellandhof.com\/web\/#primaryimage","url":"https:\/\/huegellandhof.com\/web\/wp-content\/uploads\/2024\/01\/IMG_20210706_080719-1-scaled.jpg","contentUrl":"https:\/\/huegellandhof.com\/web\/wp-content\/uploads\/2024\/01\/IMG_20210706_080719-1-scaled.jpg"},{"@type":"BreadcrumbList","@id":"https:\/\/huegellandhof.com\/web\/#breadcrumb","itemListElement":[{"@type":"ListItem","position":1,"name":"Startseite","item":"https:\/\/huegellandhof.com\/web\/"},{"@type":"ListItem","position":2,"name":"Herzlich willkommen &#8230;"}]},{"@type":"WebSite","@id":"https:\/\/huegellandhof.com\/web\/#website","url":"https:\/\/huegellandhof.com\/web\/","name":"Hügellandhof Familie Uitz im Südburgenland","description":"Urlaub + Gesundheit in der Natur im Burgenland","potentialAction":[{"@type":"SearchAction","target":{"@type":"EntryPoint","urlTemplate":"https:\/\/huegellandhof.com\/web\/?s={search_term_string}"},"query-input":{"@type":"PropertyValueSpecification","valueRequired":true,"valueName":"search_term_string"}}],"inLanguage":"de"}]}</script>
<!-- / Yoast SEO plugin. -->

Herzlich willkommen ... - Hügellandhof Familie Uitz im Südburgenland

&#8230;&#8230;&#8230;&#8230;Gesundheitsbewusste, Fastenwillige, Wanderliebhaber.  Manchmal muss man sich auch ein wenig Ruhe gönnen.   Sich in der Hängematte ausstrecken und die Wolken am Himmel zählen.   Die Natur bestaunen und zwitschernden Vögeln lauschen.  Dem Wald zuhören, wie er morgens aufwacht.   &nbsp; Im &hellip; Weiterlesen &rarr;

Hügellandhof Familie Uitz im Südburgenland
