{"id":100,"date":"2013-02-14T12:09:56","date_gmt":"2013-02-14T12:09:56","guid":{"rendered":"http:\/\/huegellandhof.at\/web\/?page_id=100"},"modified":"2020-01-22T17:32:53","modified_gmt":"2020-01-22T17:32:53","slug":"ferienwohnung-hibiskus","status":"publish","type":"page","link":"https:\/\/huegellandhof.com\/web\/zimmer\/ferienwohnung-hibiskus\/","title":{"rendered":"Ferienwohnung Hibiskus"},"content":{"rendered":"<p><a href=\"https:\/\/huegellandhof.com\/web\/wp-content\/uploads\/2017\/09\/Jean_Van_Luelik_Photographer-321.jpg\"><img loading=\"lazy\" decoding=\"async\" class=\"alignnone wp-image-2148 size-medium\" title=\"Ferienwohnung Hibiskus - H\u00fcgellandhof Uitz S\u00fcd-Burgenland\" src=\"https:\/\/huegellandhof.com\/web\/wp-content\/uploads\/2017\/09\/Jean_Van_Luelik_Photographer-321-300x199.jpg\" alt=\"Ferienwohnung Hibiskus - H\u00fcgellandhof Uitz S\u00fcd-Burgenland\" width=\"300\" height=\"199\" \/><\/a><a href=\"https:\/\/huegellandhof.com\/web\/wp-content\/uploads\/2017\/09\/Jean_Van_Luelik_Photographer-91.jpg\"><img loading=\"lazy\" decoding=\"async\" class=\"alignnone wp-image-2147 size-medium\" title=\"Ferienwohnung Hibiskus 2 - H\u00fcgellandhof Uitz S\u00fcd-Burgenland\" src=\"https:\/\/huegellandhof.com\/web\/wp-content\/uploads\/2017\/09\/Jean_Van_Luelik_Photographer-91-300x199.jpg\" alt=\"Ferienwohnung Hibiskus 2 - H\u00fcgellandhof Uitz S\u00fcd-Burgenland\" width=\"300\" height=\"199\" \/><\/a>\u00a0<a href=\"https:\/\/huegellandhof.com\/web\/wp-content\/uploads\/2017\/09\/Jean_Van_Luelik_Photographer-11.jpg\"><img loading=\"lazy\" decoding=\"async\" class=\"alignnone wp-image-2146 size-medium\" title=\"Ferienwohnung Hibiskus 3 - H\u00fcgellandhof Uitz S\u00fcd-Burgenland\" src=\"https:\/\/huegellandhof.com\/web\/wp-content\/uploads\/2017\/09\/Jean_Van_Luelik_Photographer-11-300x199.jpg\" alt=\"Ferienwohnung Hibiskus 3 - H\u00fcgellandhof Uitz S\u00fcd-Burgenland\" width=\"300\" height=\"199\" \/><\/a><\/p>\n<p>Die 51 m<sup>2<\/sup> gro\u00dfe, liebevoll gestaltete Ferienwohnung ist f\u00fcr Familien bestens geeignet. Sie verf\u00fcgt \u00fcber einen Wohnraum mit Ausziehcouch, Esstisch, K\u00fcche, Extra-Schlafraum, im Bad befindet sich eine eigene Waschmaschine.<\/p>\n<h2>Allgemeine Infos<\/h2>\n<ul>\n<li>ohne Verpflegung, Fr\u00fchst\u00fcck optional dazu buchbar<\/li>\n<li>1 bis 4 Personen<\/li>\n<li>1 Doppelbett, 1 Doppelcouch<\/li>\n<li>1 Schlafraum, 1 Wohnraum mit K\u00fcche,1 Badezimmer, 1 Vorraum<\/li>\n<li>Parterre, Garten-\/Parkseite<\/li>\n<\/ul>\n<h2>Ausstattung<\/h2>\n<p>WC und Dusche\/Bad getrennt, Haarf\u00f6n, Handt\u00fccher, Waschmaschine, SAT-TV, CD Player, W-LAN, Bettw\u00e4sche, Elektroherd, Geschirrausstattung, Geschirrsp\u00fclmaschine, Kaffeemaschine, K\u00fchlschrank, Kinderstuhl, Wickelauflage, Zimmersafe<\/p>\n<p>F\u00fcr Erholungssuchende, Naturliebhaber, Paare, Senioren, Singles, Jugendliche, Gesch\u00e4ftsreisende, Gesundheitsbewu\u00dfte bestens geeingnet.<\/p>\n","protected":false},"excerpt":{"rendered":"<p>\u00a0 Die 51 m2 gro\u00dfe, liebevoll gestaltete Ferienwohnung ist f\u00fcr Familien bestens geeignet. Sie verf\u00fcgt \u00fcber einen Wohnraum mit Ausziehcouch, Esstisch, K\u00fcche, Extra-Schlafraum, im Bad befindet sich eine eigene Waschmaschine. Allgemeine Infos ohne Verpflegung, Fr\u00fchst\u00fcck optional dazu buchbar 1 bis &hellip; <a href=\"https:\/\/huegellandhof.com\/web\/zimmer\/ferienwohnung-hibiskus\/\">Weiterlesen <span class=\"meta-nav\">&rarr;<\/span><\/a><\/p>\n","protected":false},"author":2,"featured_media":0,"parent":10,"menu_order":0,"comment_status":"closed","ping_status":"closed","template":"sidebar-page.php","meta":{"footnotes":""},"class_list":["post-100","page","type-page","status-publish","hentry"],"yoast_head":"<!-- This site is optimized with the Yoast SEO plugin v27.5 - https:\/\/yoast.com\/product\/yoast-seo-wordpress\/ -->\n<title>Ferienwohnung Hibiskus - H\u00fcgellandhof Familie Uitz im S\u00fcdburgenland<\/title>\n<meta name=\"robots\" content=\"index, follow, max-snippet:-1, max-image-preview:large, max-video-preview:-1\" \/>\n<link rel=\"canonical\" href=\"https:\/\/huegellandhof.com\/web\/zimmer\/ferienwohnung-hibiskus\/\" \/>\n<meta property=\"og:locale\" content=\"de_DE\" \/>\n<meta property=\"og:type\" content=\"article\" \/>\n<meta property=\"og:title\" content=\"Ferienwohnung Hibiskus - H\u00fcgellandhof Familie Uitz im S\u00fcdburgenland\" \/>\n<meta property=\"og:description\" content=\"\u00a0 Die 51 m2 gro\u00dfe, liebevoll gestaltete Ferienwohnung ist f\u00fcr Familien bestens geeignet. Sie verf\u00fcgt \u00fcber einen Wohnraum mit Ausziehcouch, Esstisch, K\u00fcche, Extra-Schlafraum, im Bad befindet sich eine eigene Waschmaschine. Allgemeine Infos ohne Verpflegung, Fr\u00fchst\u00fcck optional dazu buchbar 1 bis &hellip; Weiterlesen &rarr;\" \/>\n<meta property=\"og:url\" content=\"https:\/\/huegellandhof.com\/web\/zimmer\/ferienwohnung-hibiskus\/\" \/>\n<meta property=\"og:site_name\" content=\"H\u00fcgellandhof Familie Uitz im S\u00fcdburgenland\" \/>\n<meta property=\"article:modified_time\" content=\"2020-01-22T17:32:53+00:00\" \/>\n<meta property=\"og:image\" content=\"https:\/\/huegellandhof.com\/web\/wp-content\/uploads\/2017\/09\/Jean_Van_Luelik_Photographer-321-300x199.jpg\" \/>\n<meta name=\"twitter:card\" content=\"summary_large_image\" \/>\n<script type=\"application\/ld+json\" class=\"yoast-schema-graph\">{\"@context\":\"https:\\\/\\\/schema.org\",\"@graph\":[{\"@type\":\"WebPage\",\"@id\":\"https:\\\/\\\/huegellandhof.com\\\/web\\\/zimmer\\\/ferienwohnung-hibiskus\\\/\",\"url\":\"https:\\\/\\\/huegellandhof.com\\\/web\\\/zimmer\\\/ferienwohnung-hibiskus\\\/\",\"name\":\"Ferienwohnung Hibiskus - H\u00fcgellandhof Familie Uitz im S\u00fcdburgenland\",\"isPartOf\":{\"@id\":\"https:\\\/\\\/huegellandhof.com\\\/web\\\/#website\"},\"primaryImageOfPage\":{\"@id\":\"https:\\\/\\\/huegellandhof.com\\\/web\\\/zimmer\\\/ferienwohnung-hibiskus\\\/#primaryimage\"},\"image\":{\"@id\":\"https:\\\/\\\/huegellandhof.com\\\/web\\\/zimmer\\\/ferienwohnung-hibiskus\\\/#primaryimage\"},\"thumbnailUrl\":\"https:\\\/\\\/huegellandhof.com\\\/web\\\/wp-content\\\/uploads\\\/2017\\\/09\\\/Jean_Van_Luelik_Photographer-321-300x199.jpg\",\"datePublished\":\"2013-02-14T12:09:56+00:00\",\"dateModified\":\"2020-01-22T17:32:53+00:00\",\"breadcrumb\":{\"@id\":\"https:\\\/\\\/huegellandhof.com\\\/web\\\/zimmer\\\/ferienwohnung-hibiskus\\\/#breadcrumb\"},\"inLanguage\":\"de\",\"potentialAction\":[{\"@type\":\"ReadAction\",\"target\":[\"https:\\\/\\\/huegellandhof.com\\\/web\\\/zimmer\\\/ferienwohnung-hibiskus\\\/\"]}]},{\"@type\":\"ImageObject\",\"inLanguage\":\"de\",\"@id\":\"https:\\\/\\\/huegellandhof.com\\\/web\\\/zimmer\\\/ferienwohnung-hibiskus\\\/#primaryimage\",\"url\":\"\",\"contentUrl\":\"\"},{\"@type\":\"BreadcrumbList\",\"@id\":\"https:\\\/\\\/huegellandhof.com\\\/web\\\/zimmer\\\/ferienwohnung-hibiskus\\\/#breadcrumb\",\"itemListElement\":[{\"@type\":\"ListItem\",\"position\":1,\"name\":\"Startseite\",\"item\":\"https:\\\/\\\/huegellandhof.com\\\/web\\\/\"},{\"@type\":\"ListItem\",\"position\":2,\"name\":\"Zimmer &#038; Suiten\",\"item\":\"https:\\\/\\\/huegellandhof.com\\\/web\\\/zimmer\\\/\"},{\"@type\":\"ListItem\",\"position\":3,\"name\":\"Ferienwohnung Hibiskus\"}]},{\"@type\":\"WebSite\",\"@id\":\"https:\\\/\\\/huegellandhof.com\\\/web\\\/#website\",\"url\":\"https:\\\/\\\/huegellandhof.com\\\/web\\\/\",\"name\":\"H\u00fcgellandhof Familie Uitz im S\u00fcdburgenland\",\"description\":\"Urlaub + Gesundheit in der Natur im Burgenland\",\"potentialAction\":[{\"@type\":\"SearchAction\",\"target\":{\"@type\":\"EntryPoint\",\"urlTemplate\":\"https:\\\/\\\/huegellandhof.com\\\/web\\\/?s={search_term_string}\"},\"query-input\":{\"@type\":\"PropertyValueSpecification\",\"valueRequired\":true,\"valueName\":\"search_term_string\"}}],\"inLanguage\":\"de\"}]}<\/script>\n<!-- \/ Yoast SEO plugin. -->","yoast_head_json":{"title":"Ferienwohnung Hibiskus - H\u00fcgellandhof Familie Uitz im S\u00fcdburgenland","robots":{"index":"index","follow":"follow","max-snippet":"max-snippet:-1","max-image-preview":"max-image-preview:large","max-video-preview":"max-video-preview:-1"},"canonical":"https:\/\/huegellandhof.com\/web\/zimmer\/ferienwohnung-hibiskus\/","og_locale":"de_DE","og_type":"article","og_title":"Ferienwohnung Hibiskus - H\u00fcgellandhof Familie Uitz im S\u00fcdburgenland","og_description":"\u00a0 Die 51 m2 gro\u00dfe, liebevoll gestaltete Ferienwohnung ist f\u00fcr Familien bestens geeignet. Sie verf\u00fcgt \u00fcber einen Wohnraum mit Ausziehcouch, Esstisch, K\u00fcche, Extra-Schlafraum, im Bad befindet sich eine eigene Waschmaschine. Allgemeine Infos ohne Verpflegung, Fr\u00fchst\u00fcck optional dazu buchbar 1 bis &hellip; Weiterlesen &rarr;","og_url":"https:\/\/huegellandhof.com\/web\/zimmer\/ferienwohnung-hibiskus\/","og_site_name":"H\u00fcgellandhof Familie Uitz im S\u00fcdburgenland","article_modified_time":"2020-01-22T17:32:53+00:00","og_image":[{"url":"https:\/\/huegellandhof.com\/web\/wp-content\/uploads\/2017\/09\/Jean_Van_Luelik_Photographer-321-300x199.jpg","type":"","width":"","height":""}],"twitter_card":"summary_large_image","schema":{"@context":"https:\/\/schema.org","@graph":[{"@type":"WebPage","@id":"https:\/\/huegellandhof.com\/web\/zimmer\/ferienwohnung-hibiskus\/","url":"https:\/\/huegellandhof.com\/web\/zimmer\/ferienwohnung-hibiskus\/","name":"Ferienwohnung Hibiskus - H\u00fcgellandhof Familie Uitz im S\u00fcdburgenland","isPartOf":{"@id":"https:\/\/huegellandhof.com\/web\/#website"},"primaryImageOfPage":{"@id":"https:\/\/huegellandhof.com\/web\/zimmer\/ferienwohnung-hibiskus\/#primaryimage"},"image":{"@id":"https:\/\/huegellandhof.com\/web\/zimmer\/ferienwohnung-hibiskus\/#primaryimage"},"thumbnailUrl":"https:\/\/huegellandhof.com\/web\/wp-content\/uploads\/2017\/09\/Jean_Van_Luelik_Photographer-321-300x199.jpg","datePublished":"2013-02-14T12:09:56+00:00","dateModified":"2020-01-22T17:32:53+00:00","breadcrumb":{"@id":"https:\/\/huegellandhof.com\/web\/zimmer\/ferienwohnung-hibiskus\/#breadcrumb"},"inLanguage":"de","potentialAction":[{"@type":"ReadAction","target":["https:\/\/huegellandhof.com\/web\/zimmer\/ferienwohnung-hibiskus\/"]}]},{"@type":"ImageObject","inLanguage":"de","@id":"https:\/\/huegellandhof.com\/web\/zimmer\/ferienwohnung-hibiskus\/#primaryimage","url":"","contentUrl":""},{"@type":"BreadcrumbList","@id":"https:\/\/huegellandhof.com\/web\/zimmer\/ferienwohnung-hibiskus\/#breadcrumb","itemListElement":[{"@type":"ListItem","position":1,"name":"Startseite","item":"https:\/\/huegellandhof.com\/web\/"},{"@type":"ListItem","position":2,"name":"Zimmer &#038; Suiten","item":"https:\/\/huegellandhof.com\/web\/zimmer\/"},{"@type":"ListItem","position":3,"name":"Ferienwohnung Hibiskus"}]},{"@type":"WebSite","@id":"https:\/\/huegellandhof.com\/web\/#website","url":"https:\/\/huegellandhof.com\/web\/","name":"H\u00fcgellandhof Familie Uitz im S\u00fcdburgenland","description":"Urlaub + Gesundheit in der Natur im Burgenland","potentialAction":[{"@type":"SearchAction","target":{"@type":"EntryPoint","urlTemplate":"https:\/\/huegellandhof.com\/web\/?s={search_term_string}"},"query-input":{"@type":"PropertyValueSpecification","valueRequired":true,"valueName":"search_term_string"}}],"inLanguage":"de"}]}},"_links":{"self":[{"href":"https:\/\/huegellandhof.com\/web\/wp-json\/wp\/v2\/pages\/100","targetHints":{"allow":["GET"]}}],"collection":[{"href":"https:\/\/huegellandhof.com\/web\/wp-json\/wp\/v2\/pages"}],"about":[{"href":"https:\/\/huegellandhof.com\/web\/wp-json\/wp\/v2\/types\/page"}],"author":[{"embeddable":true,"href":"https:\/\/huegellandhof.com\/web\/wp-json\/wp\/v2\/users\/2"}],"replies":[{"embeddable":true,"href":"https:\/\/huegellandhof.com\/web\/wp-json\/wp\/v2\/comments?post=100"}],"version-history":[{"count":31,"href":"https:\/\/huegellandhof.com\/web\/wp-json\/wp\/v2\/pages\/100\/revisions"}],"predecessor-version":[{"id":3139,"href":"https:\/\/huegellandhof.com\/web\/wp-json\/wp\/v2\/pages\/100\/revisions\/3139"}],"up":[{"embeddable":true,"href":"https:\/\/huegellandhof.com\/web\/wp-json\/wp\/v2\/pages\/10"}],"wp:attachment":[{"href":"https:\/\/huegellandhof.com\/web\/wp-json\/wp\/v2\/media?parent=100"}],"curies":[{"name":"wp","href":"https:\/\/api.w.org\/{rel}","templated":true}]}}

<p><a href="https://huegellandhof.com/web/wp-content/uploads/2017/09/Jean_Van_Luelik_Photographer-321.jpg"><img loading="lazy" decoding="async" class="alignnone wp-image-2148 size-medium" title="Ferienwohnung Hibiskus - Hügellandhof Uitz Süd-Burgenland" src="https://huegellandhof.com/web/wp-content/uploads/2017/09/Jean_Van_Luelik_Photographer-321-300x199.jpg" alt="Ferienwohnung Hibiskus - Hügellandhof Uitz Süd-Burgenland" width="300" height="199" /></a><a href="https://huegellandhof.com/web/wp-content/uploads/2017/09/Jean_Van_Luelik_Photographer-91.jpg"><img loading="lazy" decoding="async" class="alignnone wp-image-2147 size-medium" title="Ferienwohnung Hibiskus 2 - Hügellandhof Uitz Süd-Burgenland" src="https://huegellandhof.com/web/wp-content/uploads/2017/09/Jean_Van_Luelik_Photographer-91-300x199.jpg" alt="Ferienwohnung Hibiskus 2 - Hügellandhof Uitz Süd-Burgenland" width="300" height="199" /></a> <a href="https://huegellandhof.com/web/wp-content/uploads/2017/09/Jean_Van_Luelik_Photographer-11.jpg"><img loading="lazy" decoding="async" class="alignnone wp-image-2146 size-medium" title="Ferienwohnung Hibiskus 3 - Hügellandhof Uitz Süd-Burgenland" src="https://huegellandhof.com/web/wp-content/uploads/2017/09/Jean_Van_Luelik_Photographer-11-300x199.jpg" alt="Ferienwohnung Hibiskus 3 - Hügellandhof Uitz Süd-Burgenland" width="300" height="199" /></a></p>
<p>Die 51 m<sup>2</sup> große, liebevoll gestaltete Ferienwohnung ist für Familien bestens geeignet. Sie verfügt über einen Wohnraum mit Ausziehcouch, Esstisch, Küche, Extra-Schlafraum, im Bad befindet sich eine eigene Waschmaschine.</p>
<h2>Allgemeine Infos</h2>
<ul>
<li>ohne Verpflegung, Frühstück optional dazu buchbar</li>
<li>1 bis 4 Personen</li>
<li>1 Doppelbett, 1 Doppelcouch</li>
<li>1 Schlafraum, 1 Wohnraum mit Küche,1 Badezimmer, 1 Vorraum</li>
<li>Parterre, Garten-/Parkseite</li>
</ul>
<h2>Ausstattung</h2>
<p>WC und Dusche/Bad getrennt, Haarfön, Handtücher, Waschmaschine, SAT-TV, CD Player, W-LAN, Bettwäsche, Elektroherd, Geschirrausstattung, Geschirrspülmaschine, Kaffeemaschine, Kühlschrank, Kinderstuhl, Wickelauflage, Zimmersafe</p>
<p>Für Erholungssuchende, Naturliebhaber, Paare, Senioren, Singles, Jugendliche, Geschäftsreisende, Gesundheitsbewußte bestens geeingnet.</p>

<p>  Die 51 m2 große, liebevoll gestaltete Ferienwohnung ist für Familien bestens geeignet. Sie verfügt über einen Wohnraum mit Ausziehcouch, Esstisch, Küche, Extra-Schlafraum, im Bad befindet sich eine eigene Waschmaschine. Allgemeine Infos ohne Verpflegung, Frühstück optional dazu buchbar 1 bis &hellip; <a href="https://huegellandhof.com/web/zimmer/ferienwohnung-hibiskus/">Weiterlesen <span class="meta-nav">&rarr;</span></a></p>

<!-- This site is optimized with the Yoast SEO plugin v27.5 - https://yoast.com/product/yoast-seo-wordpress/ -->
<title>Ferienwohnung Hibiskus - Hügellandhof Familie Uitz im Südburgenland</title>
<meta name="robots" content="index, follow, max-snippet:-1, max-image-preview:large, max-video-preview:-1" />
<link rel="canonical" href="https://huegellandhof.com/web/zimmer/ferienwohnung-hibiskus/" />
<meta property="og:locale" content="de_DE" />
<meta property="og:type" content="article" />
<meta property="og:title" content="Ferienwohnung Hibiskus - Hügellandhof Familie Uitz im Südburgenland" />
<meta property="og:description" content="  Die 51 m2 große, liebevoll gestaltete Ferienwohnung ist für Familien bestens geeignet. Sie verfügt über einen Wohnraum mit Ausziehcouch, Esstisch, Küche, Extra-Schlafraum, im Bad befindet sich eine eigene Waschmaschine. Allgemeine Infos ohne Verpflegung, Frühstück optional dazu buchbar 1 bis &hellip; Weiterlesen &rarr;" />
<meta property="og:url" content="https://huegellandhof.com/web/zimmer/ferienwohnung-hibiskus/" />
<meta property="og:site_name" content="Hügellandhof Familie Uitz im Südburgenland" />
<meta property="article:modified_time" content="2020-01-22T17:32:53+00:00" />
<meta property="og:image" content="https://huegellandhof.com/web/wp-content/uploads/2017/09/Jean_Van_Luelik_Photographer-321-300x199.jpg" />
<meta name="twitter:card" content="summary_large_image" />
<script type="application/ld+json" class="yoast-schema-graph">{"@context":"https:\/\/schema.org","@graph":[{"@type":"WebPage","@id":"https:\/\/huegellandhof.com\/web\/zimmer\/ferienwohnung-hibiskus\/","url":"https:\/\/huegellandhof.com\/web\/zimmer\/ferienwohnung-hibiskus\/","name":"Ferienwohnung Hibiskus - Hügellandhof Familie Uitz im Südburgenland","isPartOf":{"@id":"https:\/\/huegellandhof.com\/web\/#website"},"primaryImageOfPage":{"@id":"https:\/\/huegellandhof.com\/web\/zimmer\/ferienwohnung-hibiskus\/#primaryimage"},"image":{"@id":"https:\/\/huegellandhof.com\/web\/zimmer\/ferienwohnung-hibiskus\/#primaryimage"},"thumbnailUrl":"https:\/\/huegellandhof.com\/web\/wp-content\/uploads\/2017\/09\/Jean_Van_Luelik_Photographer-321-300x199.jpg","datePublished":"2013-02-14T12:09:56+00:00","dateModified":"2020-01-22T17:32:53+00:00","breadcrumb":{"@id":"https:\/\/huegellandhof.com\/web\/zimmer\/ferienwohnung-hibiskus\/#breadcrumb"},"inLanguage":"de","potentialAction":[{"@type":"ReadAction","target":["https:\/\/huegellandhof.com\/web\/zimmer\/ferienwohnung-hibiskus\/"]}]},{"@type":"ImageObject","inLanguage":"de","@id":"https:\/\/huegellandhof.com\/web\/zimmer\/ferienwohnung-hibiskus\/#primaryimage","url":"","contentUrl":""},{"@type":"BreadcrumbList","@id":"https:\/\/huegellandhof.com\/web\/zimmer\/ferienwohnung-hibiskus\/#breadcrumb","itemListElement":[{"@type":"ListItem","position":1,"name":"Startseite","item":"https:\/\/huegellandhof.com\/web\/"},{"@type":"ListItem","position":2,"name":"Zimmer &#038; Suiten","item":"https:\/\/huegellandhof.com\/web\/zimmer\/"},{"@type":"ListItem","position":3,"name":"Ferienwohnung Hibiskus"}]},{"@type":"WebSite","@id":"https:\/\/huegellandhof.com\/web\/#website","url":"https:\/\/huegellandhof.com\/web\/","name":"Hügellandhof Familie Uitz im Südburgenland","description":"Urlaub + Gesundheit in der Natur im Burgenland","potentialAction":[{"@type":"SearchAction","target":{"@type":"EntryPoint","urlTemplate":"https:\/\/huegellandhof.com\/web\/?s={search_term_string}"},"query-input":{"@type":"PropertyValueSpecification","valueRequired":true,"valueName":"search_term_string"}}],"inLanguage":"de"}]}</script>
<!-- / Yoast SEO plugin. -->

Ferienwohnung Hibiskus - Hügellandhof Familie Uitz im Südburgenland

Die 51 m2 große, liebevoll gestaltete Ferienwohnung ist für Familien bestens geeignet. Sie verfügt über einen Wohnraum mit Ausziehcouch, Esstisch, Küche, Extra-Schlafraum, im Bad befindet sich eine eigene Waschmaschine. Allgemeine Infos ohne Verpflegung, Frühstück optional dazu buchbar 1 bis &hellip; Weiterlesen &rarr;

Hügellandhof Familie Uitz im Südburgenland
